{"id":270,"date":"2007-08-17T10:38:09","date_gmt":"2007-08-17T08:38:09","guid":{"rendered":"http:\/\/www.budo-do-tameshi.de\/cms\/?page_id=270"},"modified":"2023-12-18T17:27:25","modified_gmt":"2023-12-18T16:27:25","slug":"fabian-fingerhut","status":"publish","type":"page","link":"https:\/\/www.budo-do-tameshi.de\/cms\/archiv\/portraits\/fabian-fingerhut\/","title":{"rendered":"Fabian Fingerhut"},"content":{"rendered":"<h3>Fabian Fingerhut mit Talent und Intelligenz zum Erfolg<\/h3>\n<p><img decoding=\"async\" title=\"30jahrebdtfabianaktion2005_k.jpg\" src=\"http:\/\/www.budo-do-tameshi.de\/cms\/wp-content\/uploads\/2007\/08\/30jahrebdtfabianaktion2005_k.jpg\" alt=\"30jahrebdtfabianaktion2005_k.jpg\" align=\"right\" \/><\/p>\n<p>Durch Kampfsport-Filme inspiriert kam Fabian mit 16 Jahren zum Kampfsport. Nach ersten Erfahrungen als Kind mit Judo entschloss er sich zwischen Karate, Teakwondo und Jiu-Jitsu letztlich f\u00fcr das Kickboxen. Fabian begann 1997 in Frankfurt zun\u00e4chst mit Semi-Kontakt, wechselte aber nach ersten Wettkampferfahrungen sehr schnell zum Leichtkontakt, dem er bis heute treu geblieben ist. Sein k\u00e4mpferisches Talent und Potenzial wurde schnell sichtbar. Bei seiner ersten Deutschen Meisterschaft 2003 in Siegen belegte er den 3. Platz und nach einer \u00e4u\u00dferst knappen Niederlage im Finale der DM des Folgejahres wurde er vom Bundestrainer erstmals zu einem Nationalkader Lehrgang eingeladen.<\/p>\n<p>Ende 2004 entschloss er sich von Frankfurt zu seinen Hessenkader-Trainern Jimmy Iwinski und Oliver Hahl nach Darmstadt zum Budo-Do-Tameshi zu wechseln. Die konsequente Trainingsarbeit und die intellektuellen F\u00e4higkeiten von Fabian, ihm gestellte Aufgaben zu verarbeiten und umzusetzen, brachten schnell erste Erfolge. 2005 konnte er die IDM und die DM gewinnen, erhielt einen festen Platz im Nationalkader und belegte bei seinem ersten internationalen Auftritt bei der WM in Szeged\/ Ungarn einen sehr guten 3. Platz. In den darauf folgenden Jahren hat sich Fabian durch beeindruckende Siege gegen den ungarischen Weltmeister Tibor Wappel (Austrian Classics 2006) den Vizeweltmeister aus \u00d6sterreich Juso Prosic (German Open 2007) und den Vizeweltmeister Gavin Williams (EM 2008) auch auf internationaler Ebene in seiner Gewichtsklasse -89kg etabliert. Nach 4 x Silber bei EM und WM konnte sich Fabian 2013 endlich den Traum vom internationalen Gold erf\u00fcllen. Bei den Titelk\u00e4mpfen in Antalya wurde er mit \u00fcberragenden Leistungen verdient WELTMEISTER. Aber auch neben der Kampffl\u00e4che ist Fabian erfolgreich. Er absolvierte mit Auszeichnung die WAKO Trainerausbildung zur C-Lizenz und bestand souver\u00e4n 2008 die Schwarzgurtpr\u00fcfung zum 1.Dan. Nach dem ebenfalls erfolgreichen Abschluss seines Studiums arbeitet er als Banker in Frankfurt.<\/p>\n<p>Ein weiterer Gradmesser f\u00fcr das Ausnahmetalent und die extra Klasse von Fabian, ist die Tatsache, dass er seit 2005, also bis heute auf nationaler Ebene ungeschlagen ist. Sein letztes gro\u00dfes sportliches Ziel w\u00e4re dieses Jahr die Goldmedaille bei der EM in Maribor.<\/p>\n<p>Wir dr\u00fccken die Daumen.<\/p>\n<p><img loading=\"lazy\" decoding=\"async\" title=\"ff_1.jpg\" src=\"http:\/\/www.budo-do-tameshi.de\/cms\/wp-content\/uploads\/2007\/08\/ff_1.jpg\" alt=\"ff_1.jpg\" width=\"270\" height=\"270\" \/> <img loading=\"lazy\" decoding=\"async\" title=\"ff_3.jpg\" src=\"http:\/\/www.budo-do-tameshi.de\/cms\/wp-content\/uploads\/2007\/08\/ff_3.jpg\" alt=\"ff_3.jpg\" width=\"270\" height=\"270\" \/><br \/>\n<code>Deutsche Meisterschaft 2005 Fabian (links) dominiert im Halbfinale<\/code><code>Siegerehrung Deutsche Meisterschaft 2005<\/code><br \/>\nIn den darauf folgenden Jahren konnte sich Fabian beeindruckende Siege gegen den ungarischen Weltmeister Tibor Wappel (Austrian Classics 2006), den Vizeweltmeister aus \u00d6sterreich Juso Prosic (German Open 2007) und den<br \/>\nVizeweltmeister 2007 Gavin Williams (EM2008, Guimares\/Portugal) in seiner Gewichtsklasse -89kg auch auf internationaler Ebene etabliert und geh\u00f6rt auch hier zu den Spitzenk\u00e4mpfern im Kickboxen. Gr\u00f6\u00dfter Erfolg bisher war der Titel des Vizeeuropameisters 2008.<br \/>\nNeben der aktiven Turnierlaufbahn absolvierte Fabian mit Auszeichnung die WAKO Trainerausbildung zur C-Lizenz und<br \/>\nbestand ebenfalls souver\u00e4n 2008 die Schwarzgurtpr\u00fcfung zum 1. Dan.<br \/>\nZiel f\u00fcr die n\u00e4chsten Jahre sind weitere gute Platzierungen und Siege, nicht nur auf nationaler Ebene, sondern auch bei den Europa &#8211; und Weltmeisterschaften.<br \/>\nNach Silber- und Bronzemedaillen hat sich Fabian diesen Traum endlich erf\u00fcllt. Bei der WM 2013 in Antalya wurde er mit \u00fcberragenden Leistungen verdient WELTMEISTER!<\/p>\n<p><img decoding=\"async\" src=\"http:\/\/www.budo-do-tameshi.de\/cms\/wp-content\/uploads\/2007\/08\/ff_21.jpg\" alt=\"ff_21.jpg\" \/> <img decoding=\"async\" src=\"http:\/\/www.budo-do-tameshi.de\/cms\/wp-content\/uploads\/2007\/08\/ff_4.jpg\" alt=\"ff_4.jpg\" \/><code>Fabian (rechts) siegt im Finale 89 Kg gegen Weltmeister Tibor Wappel<\/code><code>Austrian Classics 06 Nach dem Sieg im Finale (von links) Jimmy, Fabian und Oliver<\/code><\/p>\n<p><img loading=\"lazy\" decoding=\"async\" title=\"dm_07_fabian_faust_neu.jpg\" src=\"http:\/\/www.budo-do-tameshi.de\/cms\/wp-content\/uploads\/2007\/08\/dm_07_fabian_faust_neu.jpg\" alt=\"dm_07_fabian_faust_neu.jpg\" width=\"560\" height=\"265\" \/><span class=\"bildunterschrift\">Deutsche Meisterschaft 2007 Fabian (rechts) siegt \u00fcber den Deutschen Meister im VK Hasan Olaki.<\/span><\/p>\n<p><strong>Erfolge<\/strong><\/p>\n<p><strong>Hessenmeisterschaft<\/strong><\/p>\n<p><img decoding=\"async\" title=\"germanopen07fabianpokal.jpg\" src=\"http:\/\/www.budo-do-tameshi.de\/cms\/wp-content\/uploads\/2007\/08\/germanopen07fabianpokal.jpg\" alt=\"germanopen07fabianpokal.jpg\" align=\"right\" \/><\/p>\n<ul>\n<li>2002 &#8211; 2. Platz<\/li>\n<li>2003 &#8211; 2. Platz<\/li>\n<li>2004 &#8211; 2. Platz<\/li>\n<li>2005 &#8211; 1. Platz<\/li>\n<li>2006 &#8211; 1. Platz<\/li>\n<li>2007 &#8211; 1. Platz<\/li>\n<li>2008 &#8211; 1. Platz<\/li>\n<li>2009 &#8211; 1. Platz<\/li>\n<li>2010 &#8211; 1. Platz<\/li>\n<li>2011 &#8211; 1. Platz<\/li>\n<li>2012 &#8211; 1. Platz<\/li>\n<li>2013 &#8211; 1.Platz<\/li>\n<\/ul>\n<p><strong>Deutsche Meisterschaft<\/strong><\/p>\n<ul>\n<li>2003 &#8211; 3. Platz<\/li>\n<li>2004 &#8211; 2. Platz<\/li>\n<li>2005 &#8211; 1. Platz<\/li>\n<li>2006 &#8211; 1. Platz<\/li>\n<li>2007 &#8211; 1. Platz<\/li>\n<li>2008 &#8211; 1. Platz<\/li>\n<li>2009 &#8211; 1. Platz<\/li>\n<li>2010 &#8211; 1. Platz<\/li>\n<li>2011 &#8211; 1. Platz<\/li>\n<li>2012 &#8211; 1. Platz<\/li>\n<li>2013 &#8211; 1. Platz<\/li>\n<li>2014 &#8211; 1. Platz<\/li>\n<\/ul>\n<p><strong>Deutschlandpokal<\/strong><\/p>\n<ul>\n<li>2006 &#8211; 1. Platz<\/li>\n<li>2008 &#8211; 1. Platz<\/li>\n<li>2009 &#8211; 1. Platz<\/li>\n<li>2010 &#8211; 1. Platz<\/li>\n<li>2011 &#8211; 1. Platz<\/li>\n<li>2014 &#8211; 1. Platz<\/li>\n<\/ul>\n<p><strong>German Open<\/strong><\/p>\n<ul>\n<li>2005 &#8211; 1. Platz<\/li>\n<li>2006 &#8211; 1. Platz<\/li>\n<li>2007 &#8211; 1. Platz<\/li>\n<li>2008 &#8211; 1. Platz<\/li>\n<li>2009 &#8211; 1. Platz<\/li>\n<li>2010 &#8211; 1. Platz<\/li>\n<li>2011 &#8211; 1. Platz<\/li>\n<li>2012 &#8211; 1. Platz<\/li>\n<li>2014 &#8211; 1.Platz<\/li>\n<\/ul>\n<p><strong>Austrian Classics<\/strong><\/p>\n<ul>\n<li>2006 &#8211; 1. Platz<\/li>\n<li>2009 &#8211; 1. Platz<\/li>\n<li>2012 &#8211; 2. Platz<\/li>\n<\/ul>\n<p><strong>EM\u00a0 LC<\/strong><\/p>\n<ul>\n<li>2008 &#8211; 2.Platz<\/li>\n<li>2010 &#8211; 2.Platz<\/li>\n<li>2012 &#8211; 2.Platz<\/li>\n<\/ul>\n<p><strong>WM LC<\/strong><\/p>\n<ul>\n<li>2005 &#8211; 3. Platz<\/li>\n<li>2007 &#8211; 5. Platz<\/li>\n<li>2009 &#8211; 5.Platz<\/li>\n<li>2011 &#8211;\u00a0 2.Platz<\/li>\n<li>2013 &#8211; 1.Platz<\/li>\n<\/ul>\n","protected":false},"excerpt":{"rendered":"<p>Fabian Fingerhut mit Talent und Intelligenz zum Erfolg Durch Kampfsport-Filme inspiriert kam Fabian mit 16 Jahren zum Kampfsport. Nach ersten Erfahrungen als Kind mit Judo entschloss er sich zwischen Karate, Teakwondo und Jiu-Jitsu letztlich f\u00fcr das Kickboxen. Fabian begann 1997 in Frankfurt zun\u00e4chst mit Semi-Kontakt, wechselte aber nach ersten Wettkampferfahrungen sehr schnell zum Leichtkontakt, dem [&hellip;]<\/p>\n","protected":false},"author":2,"featured_media":0,"parent":54,"menu_order":0,"comment_status":"open","ping_status":"open","template":"","meta":{"footnotes":""},"class_list":["post-270","page","type-page","status-publish","hentry"],"_links":{"self":[{"href":"https:\/\/www.budo-do-tameshi.de\/cms\/wp-json\/wp\/v2\/pages\/270","targetHints":{"allow":["GET"]}}],"collection":[{"href":"https:\/\/www.budo-do-tameshi.de\/cms\/wp-json\/wp\/v2\/pages"}],"about":[{"href":"https:\/\/www.budo-do-tameshi.de\/cms\/wp-json\/wp\/v2\/types\/page"}],"author":[{"embeddable":true,"href":"https:\/\/www.budo-do-tameshi.de\/cms\/wp-json\/wp\/v2\/users\/2"}],"replies":[{"embeddable":true,"href":"https:\/\/www.budo-do-tameshi.de\/cms\/wp-json\/wp\/v2\/comments?post=270"}],"version-history":[{"count":18,"href":"https:\/\/www.budo-do-tameshi.de\/cms\/wp-json\/wp\/v2\/pages\/270\/revisions"}],"predecessor-version":[{"id":8009,"href":"https:\/\/www.budo-do-tameshi.de\/cms\/wp-json\/wp\/v2\/pages\/270\/revisions\/8009"}],"up":[{"embeddable":true,"href":"https:\/\/www.budo-do-tameshi.de\/cms\/wp-json\/wp\/v2\/pages\/54"}],"wp:attachment":[{"href":"https:\/\/www.budo-do-tameshi.de\/cms\/wp-json\/wp\/v2\/media?parent=270"}],"curies":[{"name":"wp","href":"https:\/\/api.w.org\/{rel}","templated":true}]}}

<h3>Fabian Fingerhut mit Talent und Intelligenz zum Erfolg</h3>
<p><img decoding="async" title="30jahrebdtfabianaktion2005_k.jpg" src="http://www.budo-do-tameshi.de/cms/wp-content/uploads/2007/08/30jahrebdtfabianaktion2005_k.jpg" alt="30jahrebdtfabianaktion2005_k.jpg" align="right" /></p>
<p>Durch Kampfsport-Filme inspiriert kam Fabian mit 16 Jahren zum Kampfsport. Nach ersten Erfahrungen als Kind mit Judo entschloss er sich zwischen Karate, Teakwondo und Jiu-Jitsu letztlich für das Kickboxen. Fabian begann 1997 in Frankfurt zunächst mit Semi-Kontakt, wechselte aber nach ersten Wettkampferfahrungen sehr schnell zum Leichtkontakt, dem er bis heute treu geblieben ist. Sein kämpferisches Talent und Potenzial wurde schnell sichtbar. Bei seiner ersten Deutschen Meisterschaft 2003 in Siegen belegte er den 3. Platz und nach einer äußerst knappen Niederlage im Finale der DM des Folgejahres wurde er vom Bundestrainer erstmals zu einem Nationalkader Lehrgang eingeladen.</p>
<p>Ende 2004 entschloss er sich von Frankfurt zu seinen Hessenkader-Trainern Jimmy Iwinski und Oliver Hahl nach Darmstadt zum Budo-Do-Tameshi zu wechseln. Die konsequente Trainingsarbeit und die intellektuellen Fähigkeiten von Fabian, ihm gestellte Aufgaben zu verarbeiten und umzusetzen, brachten schnell erste Erfolge. 2005 konnte er die IDM und die DM gewinnen, erhielt einen festen Platz im Nationalkader und belegte bei seinem ersten internationalen Auftritt bei der WM in Szeged/ Ungarn einen sehr guten 3. Platz. In den darauf folgenden Jahren hat sich Fabian durch beeindruckende Siege gegen den ungarischen Weltmeister Tibor Wappel (Austrian Classics 2006) den Vizeweltmeister aus Österreich Juso Prosic (German Open 2007) und den Vizeweltmeister Gavin Williams (EM 2008) auch auf internationaler Ebene in seiner Gewichtsklasse -89kg etabliert. Nach 4 x Silber bei EM und WM konnte sich Fabian 2013 endlich den Traum vom internationalen Gold erfüllen. Bei den Titelkämpfen in Antalya wurde er mit überragenden Leistungen verdient WELTMEISTER. Aber auch neben der Kampffläche ist Fabian erfolgreich. Er absolvierte mit Auszeichnung die WAKO Trainerausbildung zur C-Lizenz und bestand souverän 2008 die Schwarzgurtprüfung zum 1.Dan. Nach dem ebenfalls erfolgreichen Abschluss seines Studiums arbeitet er als Banker in Frankfurt.</p>
<p>Ein weiterer Gradmesser für das Ausnahmetalent und die extra Klasse von Fabian, ist die Tatsache, dass er seit 2005, also bis heute auf nationaler Ebene ungeschlagen ist. Sein letztes großes sportliches Ziel wäre dieses Jahr die Goldmedaille bei der EM in Maribor.</p>
<p>Wir drücken die Daumen.</p>
<p><img loading="lazy" decoding="async" title="ff_1.jpg" src="http://www.budo-do-tameshi.de/cms/wp-content/uploads/2007/08/ff_1.jpg" alt="ff_1.jpg" width="270" height="270" /> <img loading="lazy" decoding="async" title="ff_3.jpg" src="http://www.budo-do-tameshi.de/cms/wp-content/uploads/2007/08/ff_3.jpg" alt="ff_3.jpg" width="270" height="270" /><br />
<code>Deutsche Meisterschaft 2005 Fabian (links) dominiert im Halbfinale</code><code>Siegerehrung Deutsche Meisterschaft 2005</code><br />
In den darauf folgenden Jahren konnte sich Fabian beeindruckende Siege gegen den ungarischen Weltmeister Tibor Wappel (Austrian Classics 2006), den Vizeweltmeister aus Österreich Juso Prosic (German Open 2007) und den<br />
Vizeweltmeister 2007 Gavin Williams (EM2008, Guimares/Portugal) in seiner Gewichtsklasse -89kg auch auf internationaler Ebene etabliert und gehört auch hier zu den Spitzenkämpfern im Kickboxen. Größter Erfolg bisher war der Titel des Vizeeuropameisters 2008.<br />
Neben der aktiven Turnierlaufbahn absolvierte Fabian mit Auszeichnung die WAKO Trainerausbildung zur C-Lizenz und<br />
bestand ebenfalls souverän 2008 die Schwarzgurtprüfung zum 1. Dan.<br />
Ziel für die nächsten Jahre sind weitere gute Platzierungen und Siege, nicht nur auf nationaler Ebene, sondern auch bei den Europa &#8211; und Weltmeisterschaften.<br />
Nach Silber- und Bronzemedaillen hat sich Fabian diesen Traum endlich erfüllt. Bei der WM 2013 in Antalya wurde er mit überragenden Leistungen verdient WELTMEISTER!</p>
<p><img decoding="async" src="http://www.budo-do-tameshi.de/cms/wp-content/uploads/2007/08/ff_21.jpg" alt="ff_21.jpg" /> <img decoding="async" src="http://www.budo-do-tameshi.de/cms/wp-content/uploads/2007/08/ff_4.jpg" alt="ff_4.jpg" /><code>Fabian (rechts) siegt im Finale 89 Kg gegen Weltmeister Tibor Wappel</code><code>Austrian Classics 06 Nach dem Sieg im Finale (von links) Jimmy, Fabian und Oliver</code></p>
<p><img loading="lazy" decoding="async" title="dm_07_fabian_faust_neu.jpg" src="http://www.budo-do-tameshi.de/cms/wp-content/uploads/2007/08/dm_07_fabian_faust_neu.jpg" alt="dm_07_fabian_faust_neu.jpg" width="560" height="265" /><span class="bildunterschrift">Deutsche Meisterschaft 2007 Fabian (rechts) siegt über den Deutschen Meister im VK Hasan Olaki.</span></p>
<p><strong>Erfolge</strong></p>
<p><strong>Hessenmeisterschaft</strong></p>
<p><img decoding="async" title="germanopen07fabianpokal.jpg" src="http://www.budo-do-tameshi.de/cms/wp-content/uploads/2007/08/germanopen07fabianpokal.jpg" alt="germanopen07fabianpokal.jpg" align="right" /></p>
<ul>
<li>2002 &#8211; 2. Platz</li>
<li>2003 &#8211; 2. Platz</li>
<li>2004 &#8211; 2. Platz</li>
<li>2005 &#8211; 1. Platz</li>
<li>2006 &#8211; 1. Platz</li>
<li>2007 &#8211; 1. Platz</li>
<li>2008 &#8211; 1. Platz</li>
<li>2009 &#8211; 1. Platz</li>
<li>2010 &#8211; 1. Platz</li>
<li>2011 &#8211; 1. Platz</li>
<li>2012 &#8211; 1. Platz</li>
<li>2013 &#8211; 1.Platz</li>
</ul>
<p><strong>Deutsche Meisterschaft</strong></p>
<ul>
<li>2003 &#8211; 3. Platz</li>
<li>2004 &#8211; 2. Platz</li>
<li>2005 &#8211; 1. Platz</li>
<li>2006 &#8211; 1. Platz</li>
<li>2007 &#8211; 1. Platz</li>
<li>2008 &#8211; 1. Platz</li>
<li>2009 &#8211; 1. Platz</li>
<li>2010 &#8211; 1. Platz</li>
<li>2011 &#8211; 1. Platz</li>
<li>2012 &#8211; 1. Platz</li>
<li>2013 &#8211; 1. Platz</li>
<li>2014 &#8211; 1. Platz</li>
</ul>
<p><strong>Deutschlandpokal</strong></p>
<ul>
<li>2006 &#8211; 1. Platz</li>
<li>2008 &#8211; 1. Platz</li>
<li>2009 &#8211; 1. Platz</li>
<li>2010 &#8211; 1. Platz</li>
<li>2011 &#8211; 1. Platz</li>
<li>2014 &#8211; 1. Platz</li>
</ul>
<p><strong>German Open</strong></p>
<ul>
<li>2005 &#8211; 1. Platz</li>
<li>2006 &#8211; 1. Platz</li>
<li>2007 &#8211; 1. Platz</li>
<li>2008 &#8211; 1. Platz</li>
<li>2009 &#8211; 1. Platz</li>
<li>2010 &#8211; 1. Platz</li>
<li>2011 &#8211; 1. Platz</li>
<li>2012 &#8211; 1. Platz</li>
<li>2014 &#8211; 1.Platz</li>
</ul>
<p><strong>Austrian Classics</strong></p>
<ul>
<li>2006 &#8211; 1. Platz</li>
<li>2009 &#8211; 1. Platz</li>
<li>2012 &#8211; 2. Platz</li>
</ul>
<p><strong>EM  LC</strong></p>
<ul>
<li>2008 &#8211; 2.Platz</li>
<li>2010 &#8211; 2.Platz</li>
<li>2012 &#8211; 2.Platz</li>
</ul>
<p><strong>WM LC</strong></p>
<ul>
<li>2005 &#8211; 3. Platz</li>
<li>2007 &#8211; 5. Platz</li>
<li>2009 &#8211; 5.Platz</li>
<li>2011 &#8211;  2.Platz</li>
<li>2013 &#8211; 1.Platz</li>
</ul>

<p>Fabian Fingerhut mit Talent und Intelligenz zum Erfolg Durch Kampfsport-Filme inspiriert kam Fabian mit 16 Jahren zum Kampfsport. Nach ersten Erfahrungen als Kind mit Judo entschloss er sich zwischen Karate, Teakwondo und Jiu-Jitsu letztlich für das Kickboxen. Fabian begann 1997 in Frankfurt zunächst mit Semi-Kontakt, wechselte aber nach ersten Wettkampferfahrungen sehr schnell zum Leichtkontakt, dem [&hellip;]</p>
