{"id":136,"date":"2007-07-31T12:15:37","date_gmt":"2007-07-31T10:15:37","guid":{"rendered":"http:\/\/www.budo-do-tameshi.de\/cms\/?page_id=136"},"modified":"2023-12-18T17:20:28","modified_gmt":"2023-12-18T16:20:28","slug":"oliver-hahl","status":"publish","type":"page","link":"https:\/\/www.budo-do-tameshi.de\/cms\/archiv\/portraits\/oliver-hahl\/","title":{"rendered":"Oliver Hahl"},"content":{"rendered":"<h3>Oliver Hahl &#8211; Engangierter Sportler<\/h3>\n<p><img decoding=\"async\" title=\"olliverh.jpg\" src=\"http:\/\/www.budo-do-tameshi.de\/cms\/wp-content\/uploads\/2007\/08\/olliverh.jpg\" alt=\"olliverh.jpg\" align=\"right\" hspace=\"10\" \/><br \/>\nDer IT-Administrator Oliver Hahl (6. DAN Kickboxen\/ 1. DAN Karate) verf\u00fcgt \u00fcber ein sehr fundiertes Fachwissen. Er war der einzige Meistersch\u00fcler von Weltmeister Peter Harbrecht und ist zus\u00e4tzlich lizenzierter Tennistrainer.<\/p>\n<p>Kampfsport betreibt Oliver seit 1978 und als Trainer gibt er seit 1985 sein Wissen an andere weiter.<\/p>\n<p>Als K\u00e4mpfer konnte er sich im Einzel und mit der Mannschaft auf Landesebene mehrfach durchsetzen.<\/p>\n<p>Er ist Vizepr\u00e4sident des Budo-Do-Tameshi und betreut seit 2005 mit Jimmy Iwinski den Hessen Kader im Leichtkontakt.<\/p>\n<p>Zus\u00e4tzlich ist er mit Jimmy Iwinski verantwortlich f\u00fcr die Trainerausbildung in Hessen<br \/>\nund geh\u00f6rt zum Trainerteam von Bundestrainer Peter Zaar.<\/p>\n<p>Von 2009 bis 2011 absolvierte Oliver die Weiterbildung zum Budo-P\u00e4dagogen, die er inzwischen<br \/>\nmit Erfolg abgeschlossen hat.<br \/>\nIm Februar 2012 wurde Oliver einstimmig zum Pr\u00e4sidenten des Hessischen Kickbox Verbandes gew\u00e4hlt, und auf Grund seiner langj\u00e4hrigen Erfahrung und Kompetenz im Kickboxen, 2021 zum Pr\u00e4sidenten der WAKO Deutschland.<br \/>\nWir gratulieren!<\/p>\n<p><img decoding=\"async\" src=\"http:\/\/www.budo-do-tameshi.de\/cms\/wp-content\/uploads\/2007\/08\/olliverh1.jpg\" alt=\"olliverh1.jpg\" \/> <img decoding=\"async\" src=\"http:\/\/www.budo-do-tameshi.de\/cms\/wp-content\/uploads\/2007\/08\/olliverh2.jpg\" alt=\"olliverh2.jpg\" \/> <code>Hessenmeisterschaft 1984<\/code> <code>Training 2005<\/code><br \/>\n<img decoding=\"async\" src=\"http:\/\/www.budo-do-tameshi.de\/cms\/wp-content\/uploads\/2007\/08\/dmprogrammheftoliverfabiantraining2005.jpg\" alt=\"dmprogrammheftoliverfabiantraining2005.jpg\" \/> <code>Oliver Hahl und Fabian Fingerhut 2005<\/code><\/p>\n","protected":false},"excerpt":{"rendered":"<p>Oliver Hahl &#8211; Engangierter Sportler Der IT-Administrator Oliver Hahl (6. DAN Kickboxen\/ 1. DAN Karate) verf\u00fcgt \u00fcber ein sehr fundiertes Fachwissen. Er war der einzige Meistersch\u00fcler von Weltmeister Peter Harbrecht und ist zus\u00e4tzlich lizenzierter Tennistrainer. Kampfsport betreibt Oliver seit 1978 und als Trainer gibt er seit 1985 sein Wissen an andere weiter. Als K\u00e4mpfer konnte [&hellip;]<\/p>\n","protected":false},"author":2,"featured_media":0,"parent":54,"menu_order":0,"comment_status":"open","ping_status":"open","template":"","meta":{"footnotes":""},"class_list":["post-136","page","type-page","status-publish","hentry"],"_links":{"self":[{"href":"https:\/\/www.budo-do-tameshi.de\/cms\/wp-json\/wp\/v2\/pages\/136","targetHints":{"allow":["GET"]}}],"collection":[{"href":"https:\/\/www.budo-do-tameshi.de\/cms\/wp-json\/wp\/v2\/pages"}],"about":[{"href":"https:\/\/www.budo-do-tameshi.de\/cms\/wp-json\/wp\/v2\/types\/page"}],"author":[{"embeddable":true,"href":"https:\/\/www.budo-do-tameshi.de\/cms\/wp-json\/wp\/v2\/users\/2"}],"replies":[{"embeddable":true,"href":"https:\/\/www.budo-do-tameshi.de\/cms\/wp-json\/wp\/v2\/comments?post=136"}],"version-history":[{"count":6,"href":"https:\/\/www.budo-do-tameshi.de\/cms\/wp-json\/wp\/v2\/pages\/136\/revisions"}],"predecessor-version":[{"id":8007,"href":"https:\/\/www.budo-do-tameshi.de\/cms\/wp-json\/wp\/v2\/pages\/136\/revisions\/8007"}],"up":[{"embeddable":true,"href":"https:\/\/www.budo-do-tameshi.de\/cms\/wp-json\/wp\/v2\/pages\/54"}],"wp:attachment":[{"href":"https:\/\/www.budo-do-tameshi.de\/cms\/wp-json\/wp\/v2\/media?parent=136"}],"curies":[{"name":"wp","href":"https:\/\/api.w.org\/{rel}","templated":true}]}}