{"id":984,"date":"2008-08-03T23:49:07","date_gmt":"2008-08-03T21:49:07","guid":{"rendered":"http:\/\/www.budo-do-tameshi.de\/cms\/?page_id=984"},"modified":"2008-08-04T00:10:14","modified_gmt":"2008-08-03T22:10:14","slug":"lk-hessenkadertraining-230208","status":"publish","type":"page","link":"http:\/\/www.budo-do-tameshi.de\/cms\/fotos\/lk-hessenkadertraining-230208\/","title":{"rendered":"LK Hessenkadertraining 23.02.08"},"content":{"rendered":"<p><span class=\"foto\">Fotos: Bernd Preu\u00df<\/span><\/p>\n<p><img decoding=\"async\" src=\"http:\/\/www.budo-do-tameshi.de\/cms\/wp-content\/uploads\/2008\/08\/hkader08__mg_0267.jpg\" alt=\"hkader08__mg_0267.jpg\" \/><br \/>\nPartnerarbeit &#8211; Fabian (links) + Mikko<\/p>\n<p><img decoding=\"async\" src=\"http:\/\/www.budo-do-tameshi.de\/cms\/wp-content\/uploads\/2008\/08\/hkader08__mg_0128.jpg\" alt=\"hkader08__mg_0128.jpg\" \/><br \/>\nPartnerarbeit<\/p>\n<p><img decoding=\"async\" src=\"http:\/\/www.budo-do-tameshi.de\/cms\/wp-content\/uploads\/2008\/08\/hkader08__mg_0366.jpg\" alt=\"hkader08__mg_0366.jpg\" \/><br \/>\nKurze Pause \u00e2\u20ac\u201c (von links) Bj\u00f6rn, Wolfgang, Matthias<\/p>\n<p><img decoding=\"async\" src=\"http:\/\/www.budo-do-tameshi.de\/cms\/wp-content\/uploads\/2008\/08\/hkader08__mg_0290.jpg\" alt=\"hkader08__mg_0290.jpg\" \/><br \/>\nPartnerarbeit<\/p>\n<p><img decoding=\"async\" src=\"http:\/\/www.budo-do-tameshi.de\/cms\/wp-content\/uploads\/2008\/08\/hkader08__mg_0225.jpg\" alt=\"hkader08__mg_0225.jpg\" \/><br \/>\nJ\u00fclide (links) + Edris<\/p>\n<p><img decoding=\"async\" src=\"http:\/\/www.budo-do-tameshi.de\/cms\/wp-content\/uploads\/2008\/08\/hkader08__mg_0277.jpg\" alt=\"hkader08__mg_0277.jpg\" \/><br \/>\nPartnerarbeit<\/p>\n<p><img decoding=\"async\" src=\"http:\/\/www.budo-do-tameshi.de\/cms\/wp-content\/uploads\/2008\/08\/hkader08__mg_0309.jpg\" alt=\"hkader08__mg_0309.jpg\" \/><br \/>\nMatthias (links) + Wolfgang<\/p>\n<p><img decoding=\"async\" src=\"http:\/\/www.budo-do-tameshi.de\/cms\/wp-content\/uploads\/2008\/08\/hkader08__mg_0293.jpg\" alt=\"hkader08__mg_0293.jpg\" \/><br \/>\nFabian (links) + Mikko<\/p>\n<p><img decoding=\"async\" src=\"http:\/\/www.budo-do-tameshi.de\/cms\/wp-content\/uploads\/2008\/08\/hkader08__mg_0322.jpg\" alt=\"hkader08__mg_0322.jpg\" \/><br \/>\nMatthias + Wolfgang<\/p>\n<p><img decoding=\"async\" src=\"http:\/\/www.budo-do-tameshi.de\/cms\/wp-content\/uploads\/2008\/08\/hkader08__mg_0354.jpg\" alt=\"hkader08__mg_0354.jpg\" \/><br \/>\n\u00dcmit am Sandsack<\/p>\n<p><img decoding=\"async\" src=\"http:\/\/www.budo-do-tameshi.de\/cms\/wp-content\/uploads\/2008\/08\/hkader08__mg_0249.jpg\" alt=\"hkader08__mg_0249.jpg\" \/><br \/>\nYamile (links) + Isabella<\/p>\n<p><img decoding=\"async\" src=\"http:\/\/www.budo-do-tameshi.de\/cms\/wp-content\/uploads\/2008\/08\/hkader08__mg_0180.jpg\" alt=\"hkader08__mg_0180.jpg\" \/><br \/>\nPartnerarbeit \u00e2\u20ac\u201c Bj\u00f6rn (links) + Kaan<\/p>\n<p><img decoding=\"async\" src=\"http:\/\/www.budo-do-tameshi.de\/cms\/wp-content\/uploads\/2008\/08\/hkader08__mg_0228.jpg\" alt=\"hkader08__mg_0228.jpg\" \/><br \/>\nEdris (lnks) + J\u00fclide<\/p>\n<p><img decoding=\"async\" src=\"http:\/\/www.budo-do-tameshi.de\/cms\/wp-content\/uploads\/2008\/08\/hkader08__mg_0232.jpg\" alt=\"hkader08__mg_0232.jpg\" \/><br \/>\nPartnerarbeit \u00e2\u20ac\u201c Andrej (links) + Nikolaj<\/p>\n<p><img decoding=\"async\" src=\"http:\/\/www.budo-do-tameshi.de\/cms\/wp-content\/uploads\/2008\/08\/hkader08__mg_0258.jpg\" alt=\"hkader08__mg_0258.jpg\" \/><br \/>\nEdris (links) + J\u00fclide<\/p>\n<p><img decoding=\"async\" src=\"http:\/\/www.budo-do-tameshi.de\/cms\/wp-content\/uploads\/2008\/08\/hkader08__mg_0182.jpg\" alt=\"hkader08__mg_0182.jpg\" \/><br \/>\nPartnerarbeit \u00e2\u20ac\u201c Bj\u00f6rn (links) + Kaan<\/p>\n<p><img decoding=\"async\" src=\"http:\/\/www.budo-do-tameshi.de\/cms\/wp-content\/uploads\/2008\/08\/hkader08__mg_0339.jpg\" alt=\"hkader08__mg_0339.jpg\" \/><br \/>\nJ\u00fclide (links) + Isabella<\/p>\n<p><img decoding=\"async\" src=\"http:\/\/www.budo-do-tameshi.de\/cms\/wp-content\/uploads\/2008\/08\/hkader08__mg_0367.jpg\" alt=\"hkader08__mg_0367.jpg\" \/><br \/>\nWolfgang (links) + Matthias<\/p>\n","protected":false},"excerpt":{"rendered":"<p>Fotos: Bernd Preu\u00df Partnerarbeit &#8211; Fabian (links) + Mikko Partnerarbeit Kurze Pause \u00e2\u20ac\u201c (von links) Bj\u00f6rn, Wolfgang, Matthias Partnerarbeit J\u00fclide (links) + Edris Partnerarbeit Matthias (links) + Wolfgang Fabian (links) + Mikko Matthias + Wolfgang \u00dcmit am Sandsack Yamile (links) + Isabella Partnerarbeit \u00e2\u20ac\u201c Bj\u00f6rn (links) + Kaan Edris (lnks) + J\u00fclide Partnerarbeit \u00e2\u20ac\u201c Andrej [&hellip;]<\/p>\n","protected":false},"author":2,"featured_media":0,"parent":94,"menu_order":0,"comment_status":"closed","ping_status":"closed","template":"","meta":{"footnotes":""},"class_list":["post-984","page","type-page","status-publish","hentry"],"_links":{"self":[{"href":"http:\/\/www.budo-do-tameshi.de\/cms\/wp-json\/wp\/v2\/pages\/984","targetHints":{"allow":["GET"]}}],"collection":[{"href":"http:\/\/www.budo-do-tameshi.de\/cms\/wp-json\/wp\/v2\/pages"}],"about":[{"href":"http:\/\/www.budo-do-tameshi.de\/cms\/wp-json\/wp\/v2\/types\/page"}],"author":[{"embeddable":true,"href":"http:\/\/www.budo-do-tameshi.de\/cms\/wp-json\/wp\/v2\/users\/2"}],"replies":[{"embeddable":true,"href":"http:\/\/www.budo-do-tameshi.de\/cms\/wp-json\/wp\/v2\/comments?post=984"}],"version-history":[{"count":0,"href":"http:\/\/www.budo-do-tameshi.de\/cms\/wp-json\/wp\/v2\/pages\/984\/revisions"}],"up":[{"embeddable":true,"href":"http:\/\/www.budo-do-tameshi.de\/cms\/wp-json\/wp\/v2\/pages\/94"}],"wp:attachment":[{"href":"http:\/\/www.budo-do-tameshi.de\/cms\/wp-json\/wp\/v2\/media?parent=984"}],"curies":[{"name":"wp","href":"https:\/\/api.w.org\/{rel}","templated":true}]}}

<p><span class="foto">Fotos: Bernd Preuß</span></p>
<p><img decoding="async" src="http://www.budo-do-tameshi.de/cms/wp-content/uploads/2008/08/hkader08__mg_0267.jpg" alt="hkader08__mg_0267.jpg" /><br />
Partnerarbeit &#8211; Fabian (links) + Mikko</p>
<p><img decoding="async" src="http://www.budo-do-tameshi.de/cms/wp-content/uploads/2008/08/hkader08__mg_0128.jpg" alt="hkader08__mg_0128.jpg" /><br />
Partnerarbeit</p>
<p><img decoding="async" src="http://www.budo-do-tameshi.de/cms/wp-content/uploads/2008/08/hkader08__mg_0366.jpg" alt="hkader08__mg_0366.jpg" /><br />
Kurze Pause â€“ (von links) Björn, Wolfgang, Matthias</p>
<p><img decoding="async" src="http://www.budo-do-tameshi.de/cms/wp-content/uploads/2008/08/hkader08__mg_0290.jpg" alt="hkader08__mg_0290.jpg" /><br />
Partnerarbeit</p>
<p><img decoding="async" src="http://www.budo-do-tameshi.de/cms/wp-content/uploads/2008/08/hkader08__mg_0225.jpg" alt="hkader08__mg_0225.jpg" /><br />
Jülide (links) + Edris</p>
<p><img decoding="async" src="http://www.budo-do-tameshi.de/cms/wp-content/uploads/2008/08/hkader08__mg_0277.jpg" alt="hkader08__mg_0277.jpg" /><br />
Partnerarbeit</p>
<p><img decoding="async" src="http://www.budo-do-tameshi.de/cms/wp-content/uploads/2008/08/hkader08__mg_0309.jpg" alt="hkader08__mg_0309.jpg" /><br />
Matthias (links) + Wolfgang</p>
<p><img decoding="async" src="http://www.budo-do-tameshi.de/cms/wp-content/uploads/2008/08/hkader08__mg_0293.jpg" alt="hkader08__mg_0293.jpg" /><br />
Fabian (links) + Mikko</p>
<p><img decoding="async" src="http://www.budo-do-tameshi.de/cms/wp-content/uploads/2008/08/hkader08__mg_0322.jpg" alt="hkader08__mg_0322.jpg" /><br />
Matthias + Wolfgang</p>
<p><img decoding="async" src="http://www.budo-do-tameshi.de/cms/wp-content/uploads/2008/08/hkader08__mg_0354.jpg" alt="hkader08__mg_0354.jpg" /><br />
Ümit am Sandsack</p>
<p><img decoding="async" src="http://www.budo-do-tameshi.de/cms/wp-content/uploads/2008/08/hkader08__mg_0249.jpg" alt="hkader08__mg_0249.jpg" /><br />
Yamile (links) + Isabella</p>
<p><img decoding="async" src="http://www.budo-do-tameshi.de/cms/wp-content/uploads/2008/08/hkader08__mg_0180.jpg" alt="hkader08__mg_0180.jpg" /><br />
Partnerarbeit â€“ Björn (links) + Kaan</p>
<p><img decoding="async" src="http://www.budo-do-tameshi.de/cms/wp-content/uploads/2008/08/hkader08__mg_0228.jpg" alt="hkader08__mg_0228.jpg" /><br />
Edris (lnks) + Jülide</p>
<p><img decoding="async" src="http://www.budo-do-tameshi.de/cms/wp-content/uploads/2008/08/hkader08__mg_0232.jpg" alt="hkader08__mg_0232.jpg" /><br />
Partnerarbeit â€“ Andrej (links) + Nikolaj</p>
<p><img decoding="async" src="http://www.budo-do-tameshi.de/cms/wp-content/uploads/2008/08/hkader08__mg_0258.jpg" alt="hkader08__mg_0258.jpg" /><br />
Edris (links) + Jülide</p>
<p><img decoding="async" src="http://www.budo-do-tameshi.de/cms/wp-content/uploads/2008/08/hkader08__mg_0182.jpg" alt="hkader08__mg_0182.jpg" /><br />
Partnerarbeit â€“ Björn (links) + Kaan</p>
<p><img decoding="async" src="http://www.budo-do-tameshi.de/cms/wp-content/uploads/2008/08/hkader08__mg_0339.jpg" alt="hkader08__mg_0339.jpg" /><br />
Jülide (links) + Isabella</p>
<p><img decoding="async" src="http://www.budo-do-tameshi.de/cms/wp-content/uploads/2008/08/hkader08__mg_0367.jpg" alt="hkader08__mg_0367.jpg" /><br />
Wolfgang (links) + Matthias</p>

<p>Fotos: Bernd Preuß Partnerarbeit &#8211; Fabian (links) + Mikko Partnerarbeit Kurze Pause â€“ (von links) Björn, Wolfgang, Matthias Partnerarbeit Jülide (links) + Edris Partnerarbeit Matthias (links) + Wolfgang Fabian (links) + Mikko Matthias + Wolfgang Ümit am Sandsack Yamile (links) + Isabella Partnerarbeit â€“ Björn (links) + Kaan Edris (lnks) + Jülide Partnerarbeit â€“ Andrej [&hellip;]</p>
