{"id":5956,"date":"2017-05-26T08:28:11","date_gmt":"2017-05-26T07:28:11","guid":{"rendered":"http:\/\/www.budo-do-tameshi.de\/cms\/?page_id=5956"},"modified":"2017-05-26T08:28:11","modified_gmt":"2017-05-26T07:28:11","slug":"challenge-serie-2017","status":"publish","type":"page","link":"http:\/\/www.budo-do-tameshi.de\/cms\/fotos\/challenge-serie-2017\/","title":{"rendered":"Challenge Serie 2017"},"content":{"rendered":"<p>Fotos: BDT Team<\/p>\n<div id=\"attachment_5893\" style=\"width: 560px\" class=\"wp-caption alignnone\"><a href=\"http:\/\/www.budo-do-tameshi.de\/cms\/wp-content\/uploads\/2017\/04\/DSC_0306.jpg\"><img decoding=\"async\" aria-describedby=\"caption-attachment-5893\" class=\"size-full wp-image-5893 \" title=\"DSC_0306\" src=\"http:\/\/www.budo-do-tameshi.de\/cms\/wp-content\/uploads\/2017\/04\/DSC_0306.jpg\" alt=\"Melina (rechts) trifft mit Sidekick\" width=\"550\" srcset=\"http:\/\/www.budo-do-tameshi.de\/cms\/wp-content\/uploads\/2017\/04\/DSC_0306.jpg 1620w, http:\/\/www.budo-do-tameshi.de\/cms\/wp-content\/uploads\/2017\/04\/DSC_0306-300x200.jpg 300w, http:\/\/www.budo-do-tameshi.de\/cms\/wp-content\/uploads\/2017\/04\/DSC_0306-1024x682.jpg 1024w\" sizes=\"(max-width: 1620px) 100vw, 1620px\" \/><\/a><p id=\"caption-attachment-5893\" class=\"wp-caption-text\">Melina (rechts) trifft mit Sidekick<\/p><\/div>\n<div id=\"attachment_5871\" style=\"width: 560px\" class=\"wp-caption alignnone\"><a href=\"http:\/\/www.budo-do-tameshi.de\/cms\/wp-content\/uploads\/2017\/04\/DSC_0304-21.jpg\"><img decoding=\"async\" aria-describedby=\"caption-attachment-5871\" class=\"size-full wp-image-5871 \" title=\"DSC_0304 (2)\" src=\"http:\/\/www.budo-do-tameshi.de\/cms\/wp-content\/uploads\/2017\/04\/DSC_0304-21.jpg\" alt=\"Melina (rechts) mit starken Konter\" width=\"550\" srcset=\"http:\/\/www.budo-do-tameshi.de\/cms\/wp-content\/uploads\/2017\/04\/DSC_0304-21.jpg 1422w, http:\/\/www.budo-do-tameshi.de\/cms\/wp-content\/uploads\/2017\/04\/DSC_0304-21-300x227.jpg 300w, http:\/\/www.budo-do-tameshi.de\/cms\/wp-content\/uploads\/2017\/04\/DSC_0304-21-1024x777.jpg 1024w\" sizes=\"(max-width: 1422px) 100vw, 1422px\" \/><\/a><p id=\"caption-attachment-5871\" class=\"wp-caption-text\">Melina (rechts) mit starken Konter<\/p><\/div>\n<div id=\"attachment_5872\" style=\"width: 560px\" class=\"wp-caption alignnone\"><a href=\"http:\/\/www.budo-do-tameshi.de\/cms\/wp-content\/uploads\/2017\/04\/IMG_0167-2.jpg\"><img decoding=\"async\" aria-describedby=\"caption-attachment-5872\" class=\"size-full wp-image-5872 \" title=\"IMG_0167 (2)\" src=\"http:\/\/www.budo-do-tameshi.de\/cms\/wp-content\/uploads\/2017\/04\/IMG_0167-2.jpg\" alt=\"Emily (links) gewinnt Gold\" width=\"550\" srcset=\"http:\/\/www.budo-do-tameshi.de\/cms\/wp-content\/uploads\/2017\/04\/IMG_0167-2.jpg 1435w, http:\/\/www.budo-do-tameshi.de\/cms\/wp-content\/uploads\/2017\/04\/IMG_0167-2-300x225.jpg 300w, http:\/\/www.budo-do-tameshi.de\/cms\/wp-content\/uploads\/2017\/04\/IMG_0167-2-1024x770.jpg 1024w\" sizes=\"(max-width: 1435px) 100vw, 1435px\" \/><\/a><p id=\"caption-attachment-5872\" class=\"wp-caption-text\">Emily (links) gewinnt Gold<\/p><\/div>\n<div id=\"attachment_5873\" style=\"width: 560px\" class=\"wp-caption alignnone\"><a href=\"http:\/\/www.budo-do-tameshi.de\/cms\/wp-content\/uploads\/2017\/04\/DSC_0124-2.jpg\"><img decoding=\"async\" aria-describedby=\"caption-attachment-5873\" class=\"size-full wp-image-5873 \" title=\"DSC_0124 (2)\" src=\"http:\/\/www.budo-do-tameshi.de\/cms\/wp-content\/uploads\/2017\/04\/DSC_0124-2.jpg\" alt=\"Antonia (rechts) gewinnt Gold\" width=\"550\" srcset=\"http:\/\/www.budo-do-tameshi.de\/cms\/wp-content\/uploads\/2017\/04\/DSC_0124-2.jpg 1510w, http:\/\/www.budo-do-tameshi.de\/cms\/wp-content\/uploads\/2017\/04\/DSC_0124-2-300x214.jpg 300w, http:\/\/www.budo-do-tameshi.de\/cms\/wp-content\/uploads\/2017\/04\/DSC_0124-2-1024x732.jpg 1024w\" sizes=\"(max-width: 1510px) 100vw, 1510px\" \/><\/a><p id=\"caption-attachment-5873\" class=\"wp-caption-text\">Antonia (rechts) gewinnt Gold<\/p><\/div>\n<div id=\"attachment_5874\" style=\"width: 560px\" class=\"wp-caption alignnone\"><a href=\"http:\/\/www.budo-do-tameshi.de\/cms\/wp-content\/uploads\/2017\/04\/DSC_0113-2.jpg\"><img decoding=\"async\" aria-describedby=\"caption-attachment-5874\" class=\"size-full wp-image-5874 \" title=\"DSC_0113 (2)\" src=\"http:\/\/www.budo-do-tameshi.de\/cms\/wp-content\/uploads\/2017\/04\/DSC_0113-2.jpg\" alt=\"Samuel (links) und Nick (rechts) gewinnen Gold und Silber\" width=\"550\" srcset=\"http:\/\/www.budo-do-tameshi.de\/cms\/wp-content\/uploads\/2017\/04\/DSC_0113-2.jpg 1425w, http:\/\/www.budo-do-tameshi.de\/cms\/wp-content\/uploads\/2017\/04\/DSC_0113-2-300x227.jpg 300w, http:\/\/www.budo-do-tameshi.de\/cms\/wp-content\/uploads\/2017\/04\/DSC_0113-2-1024x776.jpg 1024w\" sizes=\"(max-width: 1425px) 100vw, 1425px\" \/><\/a><p id=\"caption-attachment-5874\" class=\"wp-caption-text\">Samuel (links) und Nick (rechts) gewinnen Gold und Silber<\/p><\/div>\n<div id=\"attachment_5879\" style=\"width: 560px\" class=\"wp-caption alignnone\"><a href=\"http:\/\/www.budo-do-tameshi.de\/cms\/wp-content\/uploads\/2017\/04\/IMG_0240-2.jpg\"><img decoding=\"async\" aria-describedby=\"caption-attachment-5879\" class=\"size-full wp-image-5879 \" title=\"IMG_0240 (2)\" src=\"http:\/\/www.budo-do-tameshi.de\/cms\/wp-content\/uploads\/2017\/04\/IMG_0240-2.jpg\" alt=\"Dzejla (rechts) trifft mit Sidekick\" width=\"550\" srcset=\"http:\/\/www.budo-do-tameshi.de\/cms\/wp-content\/uploads\/2017\/04\/IMG_0240-2.jpg 1374w, http:\/\/www.budo-do-tameshi.de\/cms\/wp-content\/uploads\/2017\/04\/IMG_0240-2-300x235.jpg 300w, http:\/\/www.budo-do-tameshi.de\/cms\/wp-content\/uploads\/2017\/04\/IMG_0240-2-1024x804.jpg 1024w\" sizes=\"(max-width: 1374px) 100vw, 1374px\" \/><\/a><p id=\"caption-attachment-5879\" class=\"wp-caption-text\">Dzejla (rechts) trifft mit Sidekick<\/p><\/div>\n<div id=\"attachment_5875\" style=\"width: 560px\" class=\"wp-caption alignnone\"><a href=\"http:\/\/www.budo-do-tameshi.de\/cms\/wp-content\/uploads\/2017\/04\/DSC_0591-2.jpg\"><img decoding=\"async\" aria-describedby=\"caption-attachment-5875\" class=\"size-full wp-image-5875 \" title=\"DSC_0591 (2)\" src=\"http:\/\/www.budo-do-tameshi.de\/cms\/wp-content\/uploads\/2017\/04\/DSC_0591-2.jpg\" alt=\"Vi (rechts) gewinnt Bronze\" width=\"550\" srcset=\"http:\/\/www.budo-do-tameshi.de\/cms\/wp-content\/uploads\/2017\/04\/DSC_0591-2.jpg 1505w, http:\/\/www.budo-do-tameshi.de\/cms\/wp-content\/uploads\/2017\/04\/DSC_0591-2-300x215.jpg 300w, http:\/\/www.budo-do-tameshi.de\/cms\/wp-content\/uploads\/2017\/04\/DSC_0591-2-1024x734.jpg 1024w\" sizes=\"(max-width: 1505px) 100vw, 1505px\" \/><\/a><p id=\"caption-attachment-5875\" class=\"wp-caption-text\">Vi (rechts) gewinnt Bronze<\/p><\/div>\n<div id=\"attachment_5876\" style=\"width: 560px\" class=\"wp-caption alignnone\"><a href=\"http:\/\/www.budo-do-tameshi.de\/cms\/wp-content\/uploads\/2017\/04\/DSC_0333-2.jpg\"><img decoding=\"async\" aria-describedby=\"caption-attachment-5876\" class=\"size-full wp-image-5876 \" title=\"DSC_0333 (2)\" src=\"http:\/\/www.budo-do-tameshi.de\/cms\/wp-content\/uploads\/2017\/04\/DSC_0333-2.jpg\" alt=\"Adriana (links) gewinnt Gold\" width=\"550\" srcset=\"http:\/\/www.budo-do-tameshi.de\/cms\/wp-content\/uploads\/2017\/04\/DSC_0333-2.jpg 1572w, http:\/\/www.budo-do-tameshi.de\/cms\/wp-content\/uploads\/2017\/04\/DSC_0333-2-300x206.jpg 300w, http:\/\/www.budo-do-tameshi.de\/cms\/wp-content\/uploads\/2017\/04\/DSC_0333-2-1024x703.jpg 1024w\" sizes=\"(max-width: 1572px) 100vw, 1572px\" \/><\/a><p id=\"caption-attachment-5876\" class=\"wp-caption-text\">Adriana (links) gewinnt Gold<\/p><\/div>\n<div id=\"attachment_5877\" style=\"width: 560px\" class=\"wp-caption alignnone\"><a href=\"http:\/\/www.budo-do-tameshi.de\/cms\/wp-content\/uploads\/2017\/04\/DSC_0335-2.jpg\"><img decoding=\"async\" aria-describedby=\"caption-attachment-5877\" class=\"size-full wp-image-5877 \" title=\"DSC_0335 (2)\" src=\"http:\/\/www.budo-do-tameshi.de\/cms\/wp-content\/uploads\/2017\/04\/DSC_0335-2.jpg\" alt=\"Adriana (links) macht Druck\" width=\"550\" srcset=\"http:\/\/www.budo-do-tameshi.de\/cms\/wp-content\/uploads\/2017\/04\/DSC_0335-2.jpg 1518w, http:\/\/www.budo-do-tameshi.de\/cms\/wp-content\/uploads\/2017\/04\/DSC_0335-2-300x213.jpg 300w, http:\/\/www.budo-do-tameshi.de\/cms\/wp-content\/uploads\/2017\/04\/DSC_0335-2-1024x728.jpg 1024w\" sizes=\"(max-width: 1518px) 100vw, 1518px\" \/><\/a><p id=\"caption-attachment-5877\" class=\"wp-caption-text\">Adriana (links) macht Druck<\/p><\/div>\n<div id=\"attachment_5878\" style=\"width: 560px\" class=\"wp-caption alignnone\"><a href=\"http:\/\/www.budo-do-tameshi.de\/cms\/wp-content\/uploads\/2017\/04\/DSC_0659-2.jpg\"><img decoding=\"async\" aria-describedby=\"caption-attachment-5878\" class=\"size-full wp-image-5878 \" title=\"DSC_0659 (2)\" src=\"http:\/\/www.budo-do-tameshi.de\/cms\/wp-content\/uploads\/2017\/04\/DSC_0659-2.jpg\" alt=\"Vladislav (links) gewinnt Silber und Bronze\" width=\"550\" srcset=\"http:\/\/www.budo-do-tameshi.de\/cms\/wp-content\/uploads\/2017\/04\/DSC_0659-2.jpg 1420w, http:\/\/www.budo-do-tameshi.de\/cms\/wp-content\/uploads\/2017\/04\/DSC_0659-2-300x228.jpg 300w, http:\/\/www.budo-do-tameshi.de\/cms\/wp-content\/uploads\/2017\/04\/DSC_0659-2-1024x778.jpg 1024w\" sizes=\"(max-width: 1420px) 100vw, 1420px\" \/><\/a><p id=\"caption-attachment-5878\" class=\"wp-caption-text\">Vladislav (links) gewinnt Silber und Bronze<\/p><\/div>\n<div id=\"attachment_5880\" style=\"width: 560px\" class=\"wp-caption alignnone\"><a href=\"http:\/\/www.budo-do-tameshi.de\/cms\/wp-content\/uploads\/2017\/04\/IMG_0627-2.jpg\"><img decoding=\"async\" aria-describedby=\"caption-attachment-5880\" class=\"size-full wp-image-5880 \" title=\"IMG_0627 (2)\" src=\"http:\/\/www.budo-do-tameshi.de\/cms\/wp-content\/uploads\/2017\/04\/IMG_0627-2.jpg\" alt=\"Vladislav (links) mit klarem Kopftreffer\" width=\"550\" srcset=\"http:\/\/www.budo-do-tameshi.de\/cms\/wp-content\/uploads\/2017\/04\/IMG_0627-2.jpg 1460w, http:\/\/www.budo-do-tameshi.de\/cms\/wp-content\/uploads\/2017\/04\/IMG_0627-2-300x221.jpg 300w, http:\/\/www.budo-do-tameshi.de\/cms\/wp-content\/uploads\/2017\/04\/IMG_0627-2-1024x757.jpg 1024w\" sizes=\"(max-width: 1460px) 100vw, 1460px\" \/><\/a><p id=\"caption-attachment-5880\" class=\"wp-caption-text\">Vladislav (links) mit klarem Kopftreffer<\/p><\/div>\n<div id=\"attachment_5881\" style=\"width: 560px\" class=\"wp-caption alignnone\"><a href=\"http:\/\/www.budo-do-tameshi.de\/cms\/wp-content\/uploads\/2017\/04\/IMG_0589-2.jpg\"><img decoding=\"async\" aria-describedby=\"caption-attachment-5881\" class=\"size-full wp-image-5881 \" title=\"IMG_0589 (2)\" src=\"http:\/\/www.budo-do-tameshi.de\/cms\/wp-content\/uploads\/2017\/04\/IMG_0589-2.jpg\" alt=\"Jaro (links) macht Druck\" width=\"550\" srcset=\"http:\/\/www.budo-do-tameshi.de\/cms\/wp-content\/uploads\/2017\/04\/IMG_0589-2.jpg 1452w, http:\/\/www.budo-do-tameshi.de\/cms\/wp-content\/uploads\/2017\/04\/IMG_0589-2-300x223.jpg 300w, http:\/\/www.budo-do-tameshi.de\/cms\/wp-content\/uploads\/2017\/04\/IMG_0589-2-1024x761.jpg 1024w\" sizes=\"(max-width: 1452px) 100vw, 1452px\" \/><\/a><p id=\"caption-attachment-5881\" class=\"wp-caption-text\">Jaro (links) macht Druck<\/p><\/div>\n<div id=\"attachment_5882\" style=\"width: 560px\" class=\"wp-caption alignnone\"><a href=\"http:\/\/www.budo-do-tameshi.de\/cms\/wp-content\/uploads\/2017\/04\/IMG_0550-2.jpg\"><img decoding=\"async\" aria-describedby=\"caption-attachment-5882\" class=\"size-full wp-image-5882 \" title=\"IMG_0550 (2)\" src=\"http:\/\/www.budo-do-tameshi.de\/cms\/wp-content\/uploads\/2017\/04\/IMG_0550-2.jpg\" alt=\"Niklas (links) gewinnt Gold\" width=\"550\" srcset=\"http:\/\/www.budo-do-tameshi.de\/cms\/wp-content\/uploads\/2017\/04\/IMG_0550-2.jpg 1368w, http:\/\/www.budo-do-tameshi.de\/cms\/wp-content\/uploads\/2017\/04\/IMG_0550-2-300x236.jpg 300w, http:\/\/www.budo-do-tameshi.de\/cms\/wp-content\/uploads\/2017\/04\/IMG_0550-2-1024x808.jpg 1024w\" sizes=\"(max-width: 1368px) 100vw, 1368px\" \/><\/a><p id=\"caption-attachment-5882\" class=\"wp-caption-text\">Niklas (links) gewinnt Gold<\/p><\/div>\n<div id=\"attachment_5883\" style=\"width: 560px\" class=\"wp-caption alignnone\"><a href=\"http:\/\/www.budo-do-tameshi.de\/cms\/wp-content\/uploads\/2017\/04\/IMG_0512-2.jpg\"><img decoding=\"async\" aria-describedby=\"caption-attachment-5883\" class=\"size-full wp-image-5883 \" title=\"IMG_0512 (2)\" src=\"http:\/\/www.budo-do-tameshi.de\/cms\/wp-content\/uploads\/2017\/04\/IMG_0512-2.jpg\" alt=\"Andre (links) mit klarem Kopftreffer\" width=\"550\" srcset=\"http:\/\/www.budo-do-tameshi.de\/cms\/wp-content\/uploads\/2017\/04\/IMG_0512-2.jpg 1352w, http:\/\/www.budo-do-tameshi.de\/cms\/wp-content\/uploads\/2017\/04\/IMG_0512-2-300x239.jpg 300w, http:\/\/www.budo-do-tameshi.de\/cms\/wp-content\/uploads\/2017\/04\/IMG_0512-2-1024x817.jpg 1024w\" sizes=\"(max-width: 1352px) 100vw, 1352px\" \/><\/a><p id=\"caption-attachment-5883\" class=\"wp-caption-text\">Andre (links) mit klarem Kopftreffer<\/p><\/div>\n<div id=\"attachment_5884\" style=\"width: 560px\" class=\"wp-caption alignnone\"><a href=\"http:\/\/www.budo-do-tameshi.de\/cms\/wp-content\/uploads\/2017\/04\/IMG_0409-2.jpg\"><img decoding=\"async\" aria-describedby=\"caption-attachment-5884\" class=\"size-full wp-image-5884 \" title=\"IMG_0409 (2)\" src=\"http:\/\/www.budo-do-tameshi.de\/cms\/wp-content\/uploads\/2017\/04\/IMG_0409-2.jpg\" alt=\"Andre (links) mit sch\u00f6nem Sidekick\" width=\"550\" srcset=\"http:\/\/www.budo-do-tameshi.de\/cms\/wp-content\/uploads\/2017\/04\/IMG_0409-2.jpg 1326w, http:\/\/www.budo-do-tameshi.de\/cms\/wp-content\/uploads\/2017\/04\/IMG_0409-2-300x244.jpg 300w, http:\/\/www.budo-do-tameshi.de\/cms\/wp-content\/uploads\/2017\/04\/IMG_0409-2-1024x834.jpg 1024w\" sizes=\"(max-width: 1326px) 100vw, 1326px\" \/><\/a><p id=\"caption-attachment-5884\" class=\"wp-caption-text\">Andre (links) mit sch\u00f6nem Sidekick<\/p><\/div>\n<div id=\"attachment_5885\" style=\"width: 560px\" class=\"wp-caption alignnone\"><a href=\"http:\/\/www.budo-do-tameshi.de\/cms\/wp-content\/uploads\/2017\/04\/IMG_0155-2.jpg\"><img decoding=\"async\" aria-describedby=\"caption-attachment-5885\" class=\"size-full wp-image-5885 \" title=\"IMG_0155 (2)\" src=\"http:\/\/www.budo-do-tameshi.de\/cms\/wp-content\/uploads\/2017\/04\/IMG_0155-2.jpg\" alt=\"Philipp Nieland (links) gewinnt Gold\" width=\"550\" srcset=\"http:\/\/www.budo-do-tameshi.de\/cms\/wp-content\/uploads\/2017\/04\/IMG_0155-2.jpg 1377w, http:\/\/www.budo-do-tameshi.de\/cms\/wp-content\/uploads\/2017\/04\/IMG_0155-2-300x235.jpg 300w, http:\/\/www.budo-do-tameshi.de\/cms\/wp-content\/uploads\/2017\/04\/IMG_0155-2-1024x803.jpg 1024w\" sizes=\"(max-width: 1377px) 100vw, 1377px\" \/><\/a><p id=\"caption-attachment-5885\" class=\"wp-caption-text\">Philipp Nieland (links) gewinnt Gold<\/p><\/div>\n<div id=\"attachment_5886\" style=\"width: 560px\" class=\"wp-caption alignnone\"><a href=\"http:\/\/www.budo-do-tameshi.de\/cms\/wp-content\/uploads\/2017\/04\/IMG_0881-2.jpg\"><img decoding=\"async\" aria-describedby=\"caption-attachment-5886\" class=\"size-full wp-image-5886 \" title=\"IMG_0881 (2)\" src=\"http:\/\/www.budo-do-tameshi.de\/cms\/wp-content\/uploads\/2017\/04\/IMG_0881-2.jpg\" alt=\"Benjamin (links) gewinnt Gold\" width=\"550\" srcset=\"http:\/\/www.budo-do-tameshi.de\/cms\/wp-content\/uploads\/2017\/04\/IMG_0881-2.jpg 1350w, http:\/\/www.budo-do-tameshi.de\/cms\/wp-content\/uploads\/2017\/04\/IMG_0881-2-300x240.jpg 300w, http:\/\/www.budo-do-tameshi.de\/cms\/wp-content\/uploads\/2017\/04\/IMG_0881-2-1024x819.jpg 1024w\" sizes=\"(max-width: 1350px) 100vw, 1350px\" \/><\/a><p id=\"caption-attachment-5886\" class=\"wp-caption-text\">Benjamin (links) gewinnt Gold<\/p><\/div>\n<div id=\"attachment_5889\" style=\"width: 560px\" class=\"wp-caption alignnone\"><a href=\"http:\/\/www.budo-do-tameshi.de\/cms\/wp-content\/uploads\/2017\/04\/DSC_0206-21.jpg\"><img decoding=\"async\" aria-describedby=\"caption-attachment-5889\" class=\"size-full wp-image-5889 \" title=\"DSC_0206 (2)\" src=\"http:\/\/www.budo-do-tameshi.de\/cms\/wp-content\/uploads\/2017\/04\/DSC_0206-21.jpg\" alt=\"Erfolgreiches BDT Team am 1. und 2. Kampftag - mit 8x G\u00f6ld, 5x Silber, 4x Bronze, vier 4. Pl\u00e4tzen, f\u00fcnf 5. Pl\u00e4tzen und zwei 7. Pl\u00e4tzen\" width=\"550\" srcset=\"http:\/\/www.budo-do-tameshi.de\/cms\/wp-content\/uploads\/2017\/04\/DSC_0206-21.jpg 1562w, http:\/\/www.budo-do-tameshi.de\/cms\/wp-content\/uploads\/2017\/04\/DSC_0206-21-300x207.jpg 300w, http:\/\/www.budo-do-tameshi.de\/cms\/wp-content\/uploads\/2017\/04\/DSC_0206-21-1024x708.jpg 1024w\" sizes=\"(max-width: 1562px) 100vw, 1562px\" \/><\/a><p id=\"caption-attachment-5889\" class=\"wp-caption-text\">Erfolgreiches BDT Team am 1. und 2. Kampftag - mit 8x G\u00f6ld, 5x Silber, 4x Bronze, vier 4. Pl\u00e4tzen, f\u00fcnf 5. Pl\u00e4tzen und zwei 7. Pl\u00e4tzen<\/p><\/div>\n<p><a href=\"http:\/\/www.budo-do-tameshi.de\/cms\/wp-content\/uploads\/2017\/04\/DSC_0003-2.jpg\"><img decoding=\"async\" class=\"size-full wp-image-5890 \" title=\"DSC_0003 (2)\" src=\"http:\/\/www.budo-do-tameshi.de\/cms\/wp-content\/uploads\/2017\/04\/DSC_0003-2.jpg\" alt=\"Erfolgreiches BDT Team am 1. und 2. Kampftag - mit 8x G\u00f6ld, 5x Silber, 4x Bronze, vier 4. Pl\u00e4tzen, f\u00fcnf 5. Pl\u00e4tzen und zwei 7. Pl\u00e4tzen\" width=\"550\" srcset=\"http:\/\/www.budo-do-tameshi.de\/cms\/wp-content\/uploads\/2017\/04\/DSC_0003-2.jpg 1523w, http:\/\/www.budo-do-tameshi.de\/cms\/wp-content\/uploads\/2017\/04\/DSC_0003-2-300x212.jpg 300w, http:\/\/www.budo-do-tameshi.de\/cms\/wp-content\/uploads\/2017\/04\/DSC_0003-2-1024x726.jpg 1024w\" sizes=\"(max-width: 1523px) 100vw, 1523px\" \/><\/a><\/p>\n","protected":false},"excerpt":{"rendered":"<p>Fotos: BDT Team<\/p>\n","protected":false},"author":3,"featured_media":0,"parent":94,"menu_order":0,"comment_status":"closed","ping_status":"closed","template":"","meta":{"footnotes":""},"class_list":["post-5956","page","type-page","status-publish","hentry"],"_links":{"self":[{"href":"http:\/\/www.budo-do-tameshi.de\/cms\/wp-json\/wp\/v2\/pages\/5956","targetHints":{"allow":["GET"]}}],"collection":[{"href":"http:\/\/www.budo-do-tameshi.de\/cms\/wp-json\/wp\/v2\/pages"}],"about":[{"href":"http:\/\/www.budo-do-tameshi.de\/cms\/wp-json\/wp\/v2\/types\/page"}],"author":[{"embeddable":true,"href":"http:\/\/www.budo-do-tameshi.de\/cms\/wp-json\/wp\/v2\/users\/3"}],"replies":[{"embeddable":true,"href":"http:\/\/www.budo-do-tameshi.de\/cms\/wp-json\/wp\/v2\/comments?post=5956"}],"version-history":[{"count":1,"href":"http:\/\/www.budo-do-tameshi.de\/cms\/wp-json\/wp\/v2\/pages\/5956\/revisions"}],"predecessor-version":[{"id":5957,"href":"http:\/\/www.budo-do-tameshi.de\/cms\/wp-json\/wp\/v2\/pages\/5956\/revisions\/5957"}],"up":[{"embeddable":true,"href":"http:\/\/www.budo-do-tameshi.de\/cms\/wp-json\/wp\/v2\/pages\/94"}],"wp:attachment":[{"href":"http:\/\/www.budo-do-tameshi.de\/cms\/wp-json\/wp\/v2\/media?parent=5956"}],"curies":[{"name":"wp","href":"https:\/\/api.w.org\/{rel}","templated":true}]}}