{"id":5574,"date":"2016-07-19T21:02:16","date_gmt":"2016-07-19T20:02:16","guid":{"rendered":"http:\/\/www.budo-do-tameshi.de\/cms\/?page_id=5574"},"modified":"2025-11-26T00:54:19","modified_gmt":"2025-11-25T23:54:19","slug":"bambini-kickboxen","status":"publish","type":"page","link":"http:\/\/www.budo-do-tameshi.de\/cms\/bambini-kickboxen\/","title":{"rendered":"Bambini &#8211; Kickboxen"},"content":{"rendered":"<p>Unser Sportprojekt Bambini Kickboxen wurde speziell f\u00fcr Kinder im Vorschulalter (4 bis 6 Jahre) entwickelt. Das Projekt besteht aus einem Kurs mit 10 Trainingsstunden a 60 Minuten. Im Vordergrund steht die Freude am Sport und ein spielerisches Heranf\u00fchren der Kinder an die Grundlagen des Kickboxens und das regul\u00e4re Kindertraining unseres Vereins. Im Jahr wird ein Bambini Kickbox Kurs angeboten, der n\u00e4chste beginnt nach den Osterferien &#8211; Mittwoch den 15. April 2026.<\/p>\n<p><span style=\"font-size: 1.17em;\">Weitere Infos zum Bambini Kickboxen<\/span><\/p>\n<table>\n<tbody>\n<tr>\n<td valign=\"top\">Alter:<\/td>\n<td valign=\"top\">4 bis 6 Jahre<\/td>\n<\/tr>\n<tr>\n<td valign=\"top\">Zeit:<\/td>\n<td valign=\"top\">1 Stunde \/ 1 x w\u00f6chentlich<\/td>\n<\/tr>\n<tr>\n<td valign=\"top\">Trainingstage:<\/td>\n<td valign=\"top\">Mittwoch von 17:00 bis 18:00 Uhr<\/td>\n<\/tr>\n<tr>\n<td valign=\"top\">Stundenanzahl:<\/td>\n<td valign=\"top\">10 Stunden pro Kurs<\/td>\n<\/tr>\n<tr>\n<td valign=\"top\">Teilnehmerzahl:<\/td>\n<td valign=\"top\">max. 15 Kinder pro Kurs<\/td>\n<\/tr>\n<tr>\n<td valign=\"top\">Trainingsleitsatz:<br \/>\n<small>(Prof. Dr. Fiedler)<\/small><\/td>\n<td valign=\"top\">Kinder brauchen Bewegung, damit sie sich gesund und leistungsf\u00e4hig entwickeln. Bewegung ist nicht nur unerl\u00e4sslich f\u00fcr die k\u00f6rperliche, sondern auch f\u00fcr die kognitive Entwicklung; sie f\u00f6rdert die Lernbereitschaft, die Lernf\u00e4higkeit und das psychosoziale Wohlbefinden. Mit ihren Bewegungen erobern und begreifen Kinder die Welt.<\/td>\n<\/tr>\n<tr>\n<td valign=\"top\">Trainingsinhalte:<\/td>\n<td valign=\"top\">Freude am Sport und an der Bewegung \/ Selbstbewusstsein \/ Konzentrationsf\u00e4higkeit \/ soziales Verhalten \/ Charakterschulung \/ Regeln \/ Koordination \/ K\u00f6rperspannung \/ Atmung \/ Disziplin \/ Teamgeist \/ Aggressionskontrolle \/ Kraft \/ Beweglichkeit \/ Ausdauer \/ Dehnung \/ Selbstverteidigung \/ spielerisches Heranf\u00fchren an die Grundlagen des Kickboxens \/ G\u00fcrtelpr\u00fcfung<\/td>\n<\/tr>\n<tr>\n<td valign=\"top\">Bekleidung:<\/td>\n<td valign=\"top\">T-Shirt \/ Jogginghose \/ keine Strumpfhosen \/ keine Schuhe<\/td>\n<\/tr>\n<tr>\n<td valign=\"top\">Barfu\u00dftraining:<\/td>\n<td valign=\"top\">\u00dcber die Fitness der F\u00fc\u00dfe verst\u00e4rken wir die Statik und Dynamik des K\u00f6rpers, die K\u00f6rperhaltung, Vitalenergie, geistige Leistungsf\u00e4higkeit, als auch die psychische Verfassung. Barfu\u00dftraining und -laufen ist ein wichtiges Element in der Bewegungsplanung und Bewegungssteuerung f\u00fcr Kinder und Jugendliche.<\/td>\n<\/tr>\n<tr>\n<td valign=\"top\">Trainer:<\/td>\n<td valign=\"top\">Das Training wird geleitet von lizenzierten Trainern mit langj\u00e4hriger Erfahrung im Bereich Kinder- und Jugendtraining. In Anerkennung der fundierten Jugend- und Nachwuchsarbeit hat unser Verein mit seinem Trainerteam verschiedene Auszeichnungen und Ehrungen erhalten.<br \/>\n<span style=\"line-height: 19px;\">Beispiele: <\/span><span style=\"line-height: 19px;\">Jugendf\u00f6rderpreis 2009 \/ Siegfried-Schmitt-Preis 2013 \/ Ludwig-Metzger-Preis 2014.<\/span><\/td>\n<\/tr>\n<tr>\n<td valign=\"top\">Eltern:<\/td>\n<td valign=\"top\">W\u00e4hrend des Trainings sollte ein Erziehungsberechtigter anwesend sein.<\/td>\n<\/tr>\n<tr>\n<td valign=\"top\">Kursgeb\u00fchr:<\/td>\n<td valign=\"top\">130 Euro (inkl. T-Shirt \/ Urkunde).<\/td>\n<\/tr>\n<tr>\n<td valign=\"top\">Anmeldung:<\/td>\n<td valign=\"top\">E-Mail: info@budo-do-tameshi.de<\/td>\n<\/tr>\n<\/tbody>\n<\/table>\n<p style=\"text-align: center;\"><a href=\"http:\/\/www.budo-do-tameshi.de\/cms\/wp-content\/uploads\/2016\/07\/DSC_0299.jpg\"><img decoding=\"async\" class=\"aligncenter size-full wp-image-5581\" title=\"DSC_0299\" src=\"http:\/\/www.budo-do-tameshi.de\/cms\/wp-content\/uploads\/2016\/07\/DSC_0299.jpg\" alt=\"\" width=\"570\" srcset=\"http:\/\/www.budo-do-tameshi.de\/cms\/wp-content\/uploads\/2016\/07\/DSC_0299.jpg 1152w, http:\/\/www.budo-do-tameshi.de\/cms\/wp-content\/uploads\/2016\/07\/DSC_0299-300x200.jpg 300w, http:\/\/www.budo-do-tameshi.de\/cms\/wp-content\/uploads\/2016\/07\/DSC_0299-1024x682.jpg 1024w\" sizes=\"(max-width: 1152px) 100vw, 1152px\" \/><\/a><\/p>\n<p style=\"text-align: center;\"><a href=\"http:\/\/www.budo-do-tameshi.de\/cms\/wp-content\/uploads\/2016\/07\/DSC_0305.jpg\"><img decoding=\"async\" class=\"aligncenter size-full wp-image-5582\" title=\"DSC_0305\" src=\"http:\/\/www.budo-do-tameshi.de\/cms\/wp-content\/uploads\/2016\/07\/DSC_0305.jpg\" alt=\"\" width=\"570\" srcset=\"http:\/\/www.budo-do-tameshi.de\/cms\/wp-content\/uploads\/2016\/07\/DSC_0305.jpg 1152w, http:\/\/www.budo-do-tameshi.de\/cms\/wp-content\/uploads\/2016\/07\/DSC_0305-300x200.jpg 300w, http:\/\/www.budo-do-tameshi.de\/cms\/wp-content\/uploads\/2016\/07\/DSC_0305-1024x682.jpg 1024w\" sizes=\"(max-width: 1152px) 100vw, 1152px\" \/><\/a><\/p>\n<p style=\"text-align: center;\"><a href=\"http:\/\/www.budo-do-tameshi.de\/cms\/wp-content\/uploads\/2016\/07\/DSC_03201.jpg\"><img decoding=\"async\" class=\"aligncenter size-full wp-image-5591\" title=\"DSC_0320\" src=\"http:\/\/www.budo-do-tameshi.de\/cms\/wp-content\/uploads\/2016\/07\/DSC_03201.jpg\" alt=\"\" width=\"570\" srcset=\"http:\/\/www.budo-do-tameshi.de\/cms\/wp-content\/uploads\/2016\/07\/DSC_03201.jpg 1366w, http:\/\/www.budo-do-tameshi.de\/cms\/wp-content\/uploads\/2016\/07\/DSC_03201-300x153.jpg 300w, http:\/\/www.budo-do-tameshi.de\/cms\/wp-content\/uploads\/2016\/07\/DSC_03201-1024x523.jpg 1024w\" sizes=\"(max-width: 1366px) 100vw, 1366px\" \/><\/a><\/p>\n<p style=\"text-align: center;\"><a href=\"http:\/\/www.budo-do-tameshi.de\/cms\/wp-content\/uploads\/2016\/07\/DSC_03752.jpg\"><img decoding=\"async\" class=\"aligncenter size-full wp-image-5592\" title=\"DSC_0375\" src=\"http:\/\/www.budo-do-tameshi.de\/cms\/wp-content\/uploads\/2016\/07\/DSC_03752.jpg\" alt=\"\" width=\"570\" srcset=\"http:\/\/www.budo-do-tameshi.de\/cms\/wp-content\/uploads\/2016\/07\/DSC_03752.jpg 1061w, http:\/\/www.budo-do-tameshi.de\/cms\/wp-content\/uploads\/2016\/07\/DSC_03752-300x217.jpg 300w, http:\/\/www.budo-do-tameshi.de\/cms\/wp-content\/uploads\/2016\/07\/DSC_03752-1024x741.jpg 1024w\" sizes=\"(max-width: 1061px) 100vw, 1061px\" \/><\/a><\/p>\n","protected":false},"excerpt":{"rendered":"<p>Unser Sportprojekt Bambini Kickboxen wurde speziell f\u00fcr Kinder im Vorschulalter (4 bis 6 Jahre) entwickelt. Das Projekt besteht aus einem Kurs mit 10 Trainingsstunden a 60 Minuten. Im Vordergrund steht die Freude am Sport und ein spielerisches Heranf\u00fchren der Kinder an die Grundlagen des Kickboxens und das regul\u00e4re Kindertraining unseres Vereins. Im Jahr wird ein [&hellip;]<\/p>\n","protected":false},"author":3,"featured_media":0,"parent":0,"menu_order":0,"comment_status":"closed","ping_status":"closed","template":"","meta":{"footnotes":""},"class_list":["post-5574","page","type-page","status-publish","hentry"],"_links":{"self":[{"href":"http:\/\/www.budo-do-tameshi.de\/cms\/wp-json\/wp\/v2\/pages\/5574","targetHints":{"allow":["GET"]}}],"collection":[{"href":"http:\/\/www.budo-do-tameshi.de\/cms\/wp-json\/wp\/v2\/pages"}],"about":[{"href":"http:\/\/www.budo-do-tameshi.de\/cms\/wp-json\/wp\/v2\/types\/page"}],"author":[{"embeddable":true,"href":"http:\/\/www.budo-do-tameshi.de\/cms\/wp-json\/wp\/v2\/users\/3"}],"replies":[{"embeddable":true,"href":"http:\/\/www.budo-do-tameshi.de\/cms\/wp-json\/wp\/v2\/comments?post=5574"}],"version-history":[{"count":23,"href":"http:\/\/www.budo-do-tameshi.de\/cms\/wp-json\/wp\/v2\/pages\/5574\/revisions"}],"predecessor-version":[{"id":8367,"href":"http:\/\/www.budo-do-tameshi.de\/cms\/wp-json\/wp\/v2\/pages\/5574\/revisions\/8367"}],"wp:attachment":[{"href":"http:\/\/www.budo-do-tameshi.de\/cms\/wp-json\/wp\/v2\/media?parent=5574"}],"curies":[{"name":"wp","href":"https:\/\/api.w.org\/{rel}","templated":true}]}}