{"id":5503,"date":"2016-06-13T16:39:58","date_gmt":"2016-06-13T15:39:58","guid":{"rendered":"http:\/\/www.budo-do-tameshi.de\/cms\/?page_id=5503"},"modified":"2016-06-13T16:42:19","modified_gmt":"2016-06-13T15:42:19","slug":"hessenmeisterschaft-2016","status":"publish","type":"page","link":"http:\/\/www.budo-do-tameshi.de\/cms\/fotos\/hessenmeisterschaft-2016\/","title":{"rendered":"Hessenmeisterschaft 2016"},"content":{"rendered":"<p>Fotos: Jasmin Braun<\/p>\n<p><a href=\"http:\/\/www.budo-do-tameshi.de\/cms\/wp-content\/uploads\/2016\/06\/IMG_0070.jpg\"><img loading=\"lazy\" decoding=\"async\" title=\"Erster Titelgewinn f\u00fcr Samuel Mesmer (links)\" src=\"http:\/\/www.budo-do-tameshi.de\/cms\/wp-content\/uploads\/2016\/06\/IMG_0070-e1465830988330.jpg\" alt=\"\" width=\"560\" height=\"373\" \/><\/a><\/p>\n<p>Erster Titelgewinn f\u00fcr Samuel Mesmer (links)<\/p>\n<p><a href=\"http:\/\/www.budo-do-tameshi.de\/cms\/wp-content\/uploads\/2016\/06\/IMG_0089.jpg\"><img loading=\"lazy\" decoding=\"async\" title=\"Gold f\u00fcr Antonia Becker (links)\" src=\"http:\/\/www.budo-do-tameshi.de\/cms\/wp-content\/uploads\/2016\/06\/IMG_0089-e1465831132423.jpg\" alt=\"\" width=\"560\" height=\"373\" \/><\/a><\/p>\n<p>Gold f\u00fcr Antonia Becker (links)<\/p>\n<p><a href=\"http:\/\/www.budo-do-tameshi.de\/cms\/wp-content\/uploads\/2016\/06\/IMG_0256.jpg\"><img loading=\"lazy\" decoding=\"async\" title=\"Doppelsieg f\u00fcr Vladislav Kraus (links)\" src=\"http:\/\/www.budo-do-tameshi.de\/cms\/wp-content\/uploads\/2016\/06\/IMG_0256-e1465831229439.jpg\" alt=\"\" width=\"560\" height=\"373\" \/><\/a><\/p>\n<p>Doppelsieg f\u00fcr Vladislav Kraus (links)<\/p>\n<p><a href=\"http:\/\/www.budo-do-tameshi.de\/cms\/wp-content\/uploads\/2016\/06\/IMG_0156.jpg\"><img loading=\"lazy\" decoding=\"async\" title=\"Melissa (links) macht druck\" src=\"http:\/\/www.budo-do-tameshi.de\/cms\/wp-content\/uploads\/2016\/06\/IMG_0156-e1465831297173.jpg\" alt=\"\" width=\"560\" height=\"373\" \/><\/a><\/p>\n<p>Melissa (links) macht druck<\/p>\n<p><a href=\"http:\/\/www.budo-do-tameshi.de\/cms\/wp-content\/uploads\/2016\/06\/IMG_0190.jpg\"><img loading=\"lazy\" decoding=\"async\" title=\"Adriana (rechts) gewinnt Bronze\" src=\"http:\/\/www.budo-do-tameshi.de\/cms\/wp-content\/uploads\/2016\/06\/IMG_0190-e1465831390620.jpg\" alt=\"\" width=\"560\" height=\"373\" \/><\/a><\/p>\n<p>Adriana (rechts) gewinnt Bronze<\/p>\n<p><a href=\"http:\/\/www.budo-do-tameshi.de\/cms\/wp-content\/uploads\/2016\/06\/IMG_0239.jpg\"><img loading=\"lazy\" decoding=\"async\" title=\"Dzejla (links) trifft mit der Faust\" src=\"http:\/\/www.budo-do-tameshi.de\/cms\/wp-content\/uploads\/2016\/06\/IMG_0239-e1465831552434.jpg\" alt=\"\" width=\"560\" height=\"373\" \/><\/a><\/p>\n<p>Dzejla (links) trifft mit der Faust<\/p>\n<p><a href=\"http:\/\/www.budo-do-tameshi.de\/cms\/wp-content\/uploads\/2016\/06\/IMG_0536.jpg\"><img loading=\"lazy\" decoding=\"async\" title=\"Lisa (links) gewinnt Bronze\" src=\"http:\/\/www.budo-do-tameshi.de\/cms\/wp-content\/uploads\/2016\/06\/IMG_0536-e1465831634779.jpg\" alt=\"\" width=\"560\" height=\"373\" \/><\/a><\/p>\n<p>Lisa (links) gewinnt Bronze<\/p>\n<p><a href=\"http:\/\/www.budo-do-tameshi.de\/cms\/wp-content\/uploads\/2016\/06\/IMG_0480.jpg\"><img loading=\"lazy\" decoding=\"async\" title=\"Cristina (links) gewinnt Bronze\" src=\"http:\/\/www.budo-do-tameshi.de\/cms\/wp-content\/uploads\/2016\/06\/IMG_0480-e1465831716124.jpg\" alt=\"\" width=\"560\" height=\"373\" \/><\/a><\/p>\n<p>Christina (links) gewinnt Bronze<\/p>\n<p><a href=\"http:\/\/www.budo-do-tameshi.de\/cms\/wp-content\/uploads\/2016\/06\/IMG_0351.jpg\"><img loading=\"lazy\" decoding=\"async\" title=\"Karim (rechts) setzt sich durch\" src=\"http:\/\/www.budo-do-tameshi.de\/cms\/wp-content\/uploads\/2016\/06\/IMG_0351-e1465831770917.jpg\" alt=\"\" width=\"560\" height=\"373\" \/><\/a><\/p>\n<p>Karim (rechts) setzt sich durch<\/p>\n<p><a href=\"http:\/\/www.budo-do-tameshi.de\/cms\/wp-content\/uploads\/2016\/06\/IMG_0354.jpg\"><img loading=\"lazy\" decoding=\"async\" title=\"Karim (rechts) gewinnt Silber\" src=\"http:\/\/www.budo-do-tameshi.de\/cms\/wp-content\/uploads\/2016\/06\/IMG_0354-e1465831863620.jpg\" alt=\"\" width=\"560\" height=\"370\" \/><\/a><\/p>\n<p>Karim (rechts) gewinnt Silber<\/p>\n<p><a href=\"http:\/\/www.budo-do-tameshi.de\/cms\/wp-content\/uploads\/2016\/06\/IMG_0319.jpg\"><img loading=\"lazy\" decoding=\"async\" title=\"Nilklas (links) gewinnt Gold\" src=\"http:\/\/www.budo-do-tameshi.de\/cms\/wp-content\/uploads\/2016\/06\/IMG_0319-e1465832009182.jpg\" alt=\"\" width=\"560\" height=\"373\" \/><\/a><\/p>\n<p>Nilklas (links) gewinnt Gold<\/p>\n<p><a href=\"http:\/\/www.budo-do-tameshi.de\/cms\/wp-content\/uploads\/2016\/06\/IMG_0409.jpg\"><img loading=\"lazy\" decoding=\"async\" title=\"Rene (rechts) gewinnt Gold\" src=\"http:\/\/www.budo-do-tameshi.de\/cms\/wp-content\/uploads\/2016\/06\/IMG_0409-e1465832085847.jpg\" alt=\"\" width=\"560\" height=\"389\" \/><\/a><\/p>\n<p>Rene (rechts) gewinnt Gold<\/p>\n<p><a href=\"http:\/\/www.budo-do-tameshi.de\/cms\/wp-content\/uploads\/2016\/06\/IMG_0878.jpg\"><img loading=\"lazy\" decoding=\"async\" title=\"Tanja (rechts) gewinnt Gold\" src=\"http:\/\/www.budo-do-tameshi.de\/cms\/wp-content\/uploads\/2016\/06\/IMG_0878-e1465832171557.jpg\" alt=\"\" width=\"560\" height=\"373\" \/><\/a><\/p>\n<p>Tanja (rechts) gewinnt Gold<\/p>\n<p><a href=\"http:\/\/www.budo-do-tameshi.de\/cms\/wp-content\/uploads\/2016\/06\/IMG_0778.jpg\"><img loading=\"lazy\" decoding=\"async\" title=\"Benjamin (rechts) gewinnt Silber\" src=\"http:\/\/www.budo-do-tameshi.de\/cms\/wp-content\/uploads\/2016\/06\/IMG_0778-e1465832248641.jpg\" alt=\"\" width=\"560\" height=\"373\" \/><\/a><\/p>\n<p>Benjamin (rechts) gewinnt Silber<\/p>\n<p><a href=\"http:\/\/www.budo-do-tameshi.de\/cms\/wp-content\/uploads\/2016\/06\/IMG_0014.jpg\"><img loading=\"lazy\" decoding=\"async\" title=\"Erfolgreiches BDT Team \u00e2\u20ac\u201c 7 x Gold, 2 x Silber, 3 x Bronze und 2 x 4. Platz\" src=\"http:\/\/www.budo-do-tameshi.de\/cms\/wp-content\/uploads\/2016\/06\/IMG_0014-e1465832307973.jpg\" alt=\"\" width=\"560\" height=\"373\" \/><\/a><\/p>\n<p>Erfolgreiches BDT Team \u00e2\u20ac\u201c 7 x Gold, 2 x Silber, 3 x Bronze und 2 x 4. Platz<\/p>\n","protected":false},"excerpt":{"rendered":"<p>Fotos: Jasmin Braun Erster Titelgewinn f\u00fcr Samuel Mesmer (links) Gold f\u00fcr Antonia Becker (links) Doppelsieg f\u00fcr Vladislav Kraus (links) Melissa (links) macht druck Adriana (rechts) gewinnt Bronze Dzejla (links) trifft mit der Faust Lisa (links) gewinnt Bronze Christina (links) gewinnt Bronze Karim (rechts) setzt sich durch Karim (rechts) gewinnt Silber Nilklas (links) gewinnt Gold Rene [&hellip;]<\/p>\n","protected":false},"author":4,"featured_media":0,"parent":94,"menu_order":0,"comment_status":"closed","ping_status":"closed","template":"","meta":{"footnotes":""},"class_list":["post-5503","page","type-page","status-publish","hentry"],"_links":{"self":[{"href":"http:\/\/www.budo-do-tameshi.de\/cms\/wp-json\/wp\/v2\/pages\/5503","targetHints":{"allow":["GET"]}}],"collection":[{"href":"http:\/\/www.budo-do-tameshi.de\/cms\/wp-json\/wp\/v2\/pages"}],"about":[{"href":"http:\/\/www.budo-do-tameshi.de\/cms\/wp-json\/wp\/v2\/types\/page"}],"author":[{"embeddable":true,"href":"http:\/\/www.budo-do-tameshi.de\/cms\/wp-json\/wp\/v2\/users\/4"}],"replies":[{"embeddable":true,"href":"http:\/\/www.budo-do-tameshi.de\/cms\/wp-json\/wp\/v2\/comments?post=5503"}],"version-history":[{"count":4,"href":"http:\/\/www.budo-do-tameshi.de\/cms\/wp-json\/wp\/v2\/pages\/5503\/revisions"}],"predecessor-version":[{"id":5506,"href":"http:\/\/www.budo-do-tameshi.de\/cms\/wp-json\/wp\/v2\/pages\/5503\/revisions\/5506"}],"up":[{"embeddable":true,"href":"http:\/\/www.budo-do-tameshi.de\/cms\/wp-json\/wp\/v2\/pages\/94"}],"wp:attachment":[{"href":"http:\/\/www.budo-do-tameshi.de\/cms\/wp-json\/wp\/v2\/media?parent=5503"}],"curies":[{"name":"wp","href":"https:\/\/api.w.org\/{rel}","templated":true}]}}