{"id":4883,"date":"2015-07-01T13:21:36","date_gmt":"2015-07-01T12:21:36","guid":{"rendered":"http:\/\/www.budo-do-tameshi.de\/cms\/?page_id=4883"},"modified":"2015-07-01T13:21:36","modified_gmt":"2015-07-01T12:21:36","slug":"lehrgang-sv-fallschule-2015","status":"publish","type":"page","link":"http:\/\/www.budo-do-tameshi.de\/cms\/fotos\/lehrgang-sv-fallschule-2015\/","title":{"rendered":"Lehrgang SV + Fallschule 2015"},"content":{"rendered":"<p>Fotos: Luigi Sgura<\/p>\n<p><a href=\"http:\/\/www.budo-do-tameshi.de\/cms\/wp-content\/uploads\/2015\/07\/R-DSC_0087.jpg\"><img loading=\"lazy\" decoding=\"async\" title=\"R-DSC_0087\" src=\"http:\/\/www.budo-do-tameshi.de\/cms\/wp-content\/uploads\/2015\/07\/R-DSC_0087-e1435752716590.jpg\" alt=\"\" width=\"560\" height=\"373\" \/><\/a><\/p>\n<p>Jimmy erkl\u00e4rt<\/p>\n<p><a href=\"http:\/\/www.budo-do-tameshi.de\/cms\/wp-content\/uploads\/2015\/07\/R-DSC_0002.jpg\"><img loading=\"lazy\" decoding=\"async\" title=\"R-DSC_0002\" src=\"http:\/\/www.budo-do-tameshi.de\/cms\/wp-content\/uploads\/2015\/07\/R-DSC_0002-e1435752737998.jpg\" alt=\"\" width=\"560\" height=\"373\" \/><\/a><\/p>\n<p>Aufw\u00e4rmen<\/p>\n<p><a href=\"http:\/\/www.budo-do-tameshi.de\/cms\/wp-content\/uploads\/2015\/07\/R-DSC_0007.jpg\"><img loading=\"lazy\" decoding=\"async\" title=\"R-DSC_0007\" src=\"http:\/\/www.budo-do-tameshi.de\/cms\/wp-content\/uploads\/2015\/07\/R-DSC_0007-e1435752765338.jpg\" alt=\"\" width=\"560\" height=\"373\" \/><\/a><\/p>\n<p>Aufw\u00e4rmen<\/p>\n<p><a href=\"http:\/\/www.budo-do-tameshi.de\/cms\/wp-content\/uploads\/2015\/07\/R-DSC_0028.jpg\"><img loading=\"lazy\" decoding=\"async\" title=\"R-DSC_0028\" src=\"http:\/\/www.budo-do-tameshi.de\/cms\/wp-content\/uploads\/2015\/07\/R-DSC_0028-e1435752790145.jpg\" alt=\"\" width=\"560\" height=\"373\" \/><\/a><\/p>\n<p>SV Demo von Millard (rechts)<\/p>\n<p><a href=\"http:\/\/www.budo-do-tameshi.de\/cms\/wp-content\/uploads\/2015\/07\/R-DSC_0085.jpg\"><img loading=\"lazy\" decoding=\"async\" title=\"R-DSC_0085\" src=\"http:\/\/www.budo-do-tameshi.de\/cms\/wp-content\/uploads\/2015\/07\/R-DSC_0085-e1435752811377.jpg\" alt=\"\" width=\"560\" height=\"373\" \/><\/a><\/p>\n<p>Partnerarbeit<\/p>\n<p><a href=\"http:\/\/www.budo-do-tameshi.de\/cms\/wp-content\/uploads\/2015\/07\/R-DSC_0291.jpg\"><img loading=\"lazy\" decoding=\"async\" title=\"R-DSC_0291\" src=\"http:\/\/www.budo-do-tameshi.de\/cms\/wp-content\/uploads\/2015\/07\/R-DSC_0291-e1435752844553.jpg\" alt=\"\" width=\"560\" height=\"373\" \/><\/a><\/p>\n<p>SV Demo<\/p>\n<p><a href=\"http:\/\/www.budo-do-tameshi.de\/cms\/wp-content\/uploads\/2015\/07\/R-DSC_0178-2.jpg\"><img loading=\"lazy\" decoding=\"async\" title=\"R-DSC_0178-2\" src=\"http:\/\/www.budo-do-tameshi.de\/cms\/wp-content\/uploads\/2015\/07\/R-DSC_0178-2-e1435752867838.jpg\" alt=\"\" width=\"560\" height=\"373\" \/><\/a><\/p>\n<p>Lutz packt zu<\/p>\n<p><a href=\"http:\/\/www.budo-do-tameshi.de\/cms\/wp-content\/uploads\/2015\/07\/R-DSC_0242.jpg\"><img loading=\"lazy\" decoding=\"async\" title=\"R-DSC_0242\" src=\"http:\/\/www.budo-do-tameshi.de\/cms\/wp-content\/uploads\/2015\/07\/R-DSC_0242-e1435752893631.jpg\" alt=\"\" width=\"560\" height=\"373\" \/><\/a><\/p>\n<p>SV Demo<\/p>\n<p><a href=\"http:\/\/www.budo-do-tameshi.de\/cms\/wp-content\/uploads\/2015\/07\/R-DSC_0181.jpg\"><img loading=\"lazy\" decoding=\"async\" title=\"R-DSC_0181\" src=\"http:\/\/www.budo-do-tameshi.de\/cms\/wp-content\/uploads\/2015\/07\/R-DSC_0181-e1435752948857.jpg\" alt=\"\" width=\"560\" height=\"373\" \/><\/a><\/p>\n<p>Partnerarbeit<\/p>\n<p><a href=\"http:\/\/www.budo-do-tameshi.de\/cms\/wp-content\/uploads\/2015\/07\/R-DSC_0163.jpg\"><img loading=\"lazy\" decoding=\"async\" title=\"R-DSC_0163\" src=\"http:\/\/www.budo-do-tameshi.de\/cms\/wp-content\/uploads\/2015\/07\/R-DSC_0163-e1435753120448.jpg\" alt=\"\" width=\"560\" height=\"259\" \/><\/a><\/p>\n<p>Teilnehmer und Trainerteam des 1. Lehrgangs f\u00fcr SV + Fallschule<\/p>\n","protected":false},"excerpt":{"rendered":"<p>Fotos: Luigi Sgura Jimmy erkl\u00e4rt Aufw\u00e4rmen Aufw\u00e4rmen SV Demo von Millard (rechts) Partnerarbeit SV Demo Lutz packt zu SV Demo Partnerarbeit Teilnehmer und Trainerteam des 1. Lehrgangs f\u00fcr SV + Fallschule<\/p>\n","protected":false},"author":4,"featured_media":0,"parent":94,"menu_order":0,"comment_status":"closed","ping_status":"closed","template":"","meta":{"footnotes":""},"class_list":["post-4883","page","type-page","status-publish","hentry"],"_links":{"self":[{"href":"http:\/\/www.budo-do-tameshi.de\/cms\/wp-json\/wp\/v2\/pages\/4883","targetHints":{"allow":["GET"]}}],"collection":[{"href":"http:\/\/www.budo-do-tameshi.de\/cms\/wp-json\/wp\/v2\/pages"}],"about":[{"href":"http:\/\/www.budo-do-tameshi.de\/cms\/wp-json\/wp\/v2\/types\/page"}],"author":[{"embeddable":true,"href":"http:\/\/www.budo-do-tameshi.de\/cms\/wp-json\/wp\/v2\/users\/4"}],"replies":[{"embeddable":true,"href":"http:\/\/www.budo-do-tameshi.de\/cms\/wp-json\/wp\/v2\/comments?post=4883"}],"version-history":[{"count":3,"href":"http:\/\/www.budo-do-tameshi.de\/cms\/wp-json\/wp\/v2\/pages\/4883\/revisions"}],"predecessor-version":[{"id":4886,"href":"http:\/\/www.budo-do-tameshi.de\/cms\/wp-json\/wp\/v2\/pages\/4883\/revisions\/4886"}],"up":[{"embeddable":true,"href":"http:\/\/www.budo-do-tameshi.de\/cms\/wp-json\/wp\/v2\/pages\/94"}],"wp:attachment":[{"href":"http:\/\/www.budo-do-tameshi.de\/cms\/wp-json\/wp\/v2\/media?parent=4883"}],"curies":[{"name":"wp","href":"https:\/\/api.w.org\/{rel}","templated":true}]}}

<p>Fotos: Luigi Sgura</p>
<p><a href="http://www.budo-do-tameshi.de/cms/wp-content/uploads/2015/07/R-DSC_0087.jpg"><img loading="lazy" decoding="async" title="R-DSC_0087" src="http://www.budo-do-tameshi.de/cms/wp-content/uploads/2015/07/R-DSC_0087-e1435752716590.jpg" alt="" width="560" height="373" /></a></p>
<p>Jimmy erklärt</p>
<p><a href="http://www.budo-do-tameshi.de/cms/wp-content/uploads/2015/07/R-DSC_0002.jpg"><img loading="lazy" decoding="async" title="R-DSC_0002" src="http://www.budo-do-tameshi.de/cms/wp-content/uploads/2015/07/R-DSC_0002-e1435752737998.jpg" alt="" width="560" height="373" /></a></p>
<p>Aufwärmen</p>
<p><a href="http://www.budo-do-tameshi.de/cms/wp-content/uploads/2015/07/R-DSC_0007.jpg"><img loading="lazy" decoding="async" title="R-DSC_0007" src="http://www.budo-do-tameshi.de/cms/wp-content/uploads/2015/07/R-DSC_0007-e1435752765338.jpg" alt="" width="560" height="373" /></a></p>
<p>Aufwärmen</p>
<p><a href="http://www.budo-do-tameshi.de/cms/wp-content/uploads/2015/07/R-DSC_0028.jpg"><img loading="lazy" decoding="async" title="R-DSC_0028" src="http://www.budo-do-tameshi.de/cms/wp-content/uploads/2015/07/R-DSC_0028-e1435752790145.jpg" alt="" width="560" height="373" /></a></p>
<p>SV Demo von Millard (rechts)</p>
<p><a href="http://www.budo-do-tameshi.de/cms/wp-content/uploads/2015/07/R-DSC_0085.jpg"><img loading="lazy" decoding="async" title="R-DSC_0085" src="http://www.budo-do-tameshi.de/cms/wp-content/uploads/2015/07/R-DSC_0085-e1435752811377.jpg" alt="" width="560" height="373" /></a></p>
<p>Partnerarbeit</p>
<p><a href="http://www.budo-do-tameshi.de/cms/wp-content/uploads/2015/07/R-DSC_0291.jpg"><img loading="lazy" decoding="async" title="R-DSC_0291" src="http://www.budo-do-tameshi.de/cms/wp-content/uploads/2015/07/R-DSC_0291-e1435752844553.jpg" alt="" width="560" height="373" /></a></p>
<p>SV Demo</p>
<p><a href="http://www.budo-do-tameshi.de/cms/wp-content/uploads/2015/07/R-DSC_0178-2.jpg"><img loading="lazy" decoding="async" title="R-DSC_0178-2" src="http://www.budo-do-tameshi.de/cms/wp-content/uploads/2015/07/R-DSC_0178-2-e1435752867838.jpg" alt="" width="560" height="373" /></a></p>
<p>Lutz packt zu</p>
<p><a href="http://www.budo-do-tameshi.de/cms/wp-content/uploads/2015/07/R-DSC_0242.jpg"><img loading="lazy" decoding="async" title="R-DSC_0242" src="http://www.budo-do-tameshi.de/cms/wp-content/uploads/2015/07/R-DSC_0242-e1435752893631.jpg" alt="" width="560" height="373" /></a></p>
<p>SV Demo</p>
<p><a href="http://www.budo-do-tameshi.de/cms/wp-content/uploads/2015/07/R-DSC_0181.jpg"><img loading="lazy" decoding="async" title="R-DSC_0181" src="http://www.budo-do-tameshi.de/cms/wp-content/uploads/2015/07/R-DSC_0181-e1435752948857.jpg" alt="" width="560" height="373" /></a></p>
<p>Partnerarbeit</p>
<p><a href="http://www.budo-do-tameshi.de/cms/wp-content/uploads/2015/07/R-DSC_0163.jpg"><img loading="lazy" decoding="async" title="R-DSC_0163" src="http://www.budo-do-tameshi.de/cms/wp-content/uploads/2015/07/R-DSC_0163-e1435753120448.jpg" alt="" width="560" height="259" /></a></p>
<p>Teilnehmer und Trainerteam des 1. Lehrgangs für SV + Fallschule</p>

<p>Fotos: Luigi Sgura Jimmy erklärt Aufwärmen Aufwärmen SV Demo von Millard (rechts) Partnerarbeit SV Demo Lutz packt zu SV Demo Partnerarbeit Teilnehmer und Trainerteam des 1. Lehrgangs für SV + Fallschule</p>
