{"id":266,"date":"2007-08-14T18:15:16","date_gmt":"2007-08-14T16:15:16","guid":{"rendered":"http:\/\/www.budo-do-tameshi.de\/cms\/?page_id=266"},"modified":"2023-12-21T18:46:51","modified_gmt":"2023-12-21T17:46:51","slug":"die-ersten-jahre","status":"publish","type":"page","link":"http:\/\/www.budo-do-tameshi.de\/cms\/fotos\/die-ersten-jahre\/","title":{"rendered":"Die ersten Jahre"},"content":{"rendered":"<p><img decoding=\"async\" title=\"01.jpg\" src=\"http:\/\/www.budo-do-tameshi.de\/cms\/wp-content\/uploads\/2007\/08\/01.jpg\" alt=\"01.jpg\" width=\"558\" \/><code>Die BDT M\u00e4nner der ersten Stunde<\/code><br clear=\"all\" \/><img loading=\"lazy\" decoding=\"async\" title=\"02.jpg\" src=\"http:\/\/www.budo-do-tameshi.de\/cms\/wp-content\/uploads\/2007\/08\/02.jpg\" alt=\"02.jpg\" width=\"270\" height=\"396\" \/> <img loading=\"lazy\" decoding=\"async\" title=\"03.jpg\" src=\"http:\/\/www.budo-do-tameshi.de\/cms\/wp-content\/uploads\/2007\/08\/03.jpg\" alt=\"03.jpg\" width=\"270\" height=\"396\" \/><code>Jimmy (Sieg HM 1974)<\/code><code>Jimmy (Sieg Deutscher L\u00e4nderpokal 1976)<\/code><\/p>\n<p><img decoding=\"async\" title=\"04.jpg\" src=\"http:\/\/www.budo-do-tameshi.de\/cms\/wp-content\/uploads\/2007\/08\/04.jpg\" alt=\"04.jpg\" width=\"558\" \/><span class=\"bildunterschrift\">BDT Team Deutsche Mannschaftsmeisterschaft (1976)<\/span><\/p>\n<p><img decoding=\"async\" title=\"05.jpg\" src=\"http:\/\/www.budo-do-tameshi.de\/cms\/wp-content\/uploads\/2007\/08\/05.jpg\" alt=\"05.jpg\" width=\"558\" \/><span class=\"bildunterschrift\">BDT Team Erste K\u00e4mpfe mit Schutzausr\u00fcstung (1976)<\/span><\/p>\n<p><img decoding=\"async\" title=\"06.jpg\" src=\"http:\/\/www.budo-do-tameshi.de\/cms\/wp-content\/uploads\/2007\/08\/06.jpg\" alt=\"06.jpg\" width=\"270\" \/> <img decoding=\"async\" src=\"http:\/\/www.budo-do-tameshi.de\/cms\/wp-content\/uploads\/2007\/08\/gerhard-d1-1976.jpg\" alt=\"gerhard-d1-1976.jpg\" \/><code>Albert Mampel 1976 (rechts)<\/code><code>Gerhard Dastis 1976 (rechts)<\/code><\/p>\n<p><img loading=\"lazy\" decoding=\"async\" title=\"08.jpg\" src=\"http:\/\/www.budo-do-tameshi.de\/cms\/wp-content\/uploads\/2007\/08\/08.jpg\" alt=\"08.jpg\" width=\"270\" height=\"290\" \/> <img loading=\"lazy\" decoding=\"async\" title=\"09.jpg\" src=\"http:\/\/www.budo-do-tameshi.de\/cms\/wp-content\/uploads\/2007\/08\/09.jpg\" alt=\"09.jpg\" width=\"270\" height=\"290\" \/><code>Wolfgang Theiss 1976 (links)<\/code><code>Jimmy 1976 (rechts)<\/code><\/p>\n<p><img decoding=\"async\" title=\"10.jpg\" src=\"http:\/\/www.budo-do-tameshi.de\/cms\/wp-content\/uploads\/2007\/08\/10.jpg\" alt=\"10.jpg\" width=\"270\" \/> <img decoding=\"async\" title=\"11.jpg\" src=\"http:\/\/www.budo-do-tameshi.de\/cms\/wp-content\/uploads\/2007\/08\/11.jpg\" alt=\"11.jpg\" width=\"270\" \/><code>Hakim (Bruchtest 1976)<\/code><code>Hakim (Bruchtest 1976)<\/code><\/p>\n<p><img decoding=\"async\" title=\"12.jpg\" src=\"http:\/\/www.budo-do-tameshi.de\/cms\/wp-content\/uploads\/2007\/08\/12.jpg\" alt=\"12.jpg\" width=\"270\" \/> <img decoding=\"async\" title=\"13.jpg\" src=\"http:\/\/www.budo-do-tameshi.de\/cms\/wp-content\/uploads\/2007\/08\/13.jpg\" alt=\"13.jpg\" width=\"270\" \/><code>Peter Harbrecht (WM 1978)<\/code><code>Peter Harbrecht (WM 1978)<\/code><\/p>\n<p><img decoding=\"async\" title=\"14.jpg\" src=\"http:\/\/www.budo-do-tameshi.de\/cms\/wp-content\/uploads\/2007\/08\/14.jpg\" alt=\"14.jpg\" width=\"270\" \/> <img decoding=\"async\" title=\"15.jpg\" src=\"http:\/\/www.budo-do-tameshi.de\/cms\/wp-content\/uploads\/2007\/08\/15.jpg\" alt=\"15.jpg\" width=\"270\" \/><code>Peter Harbrecht (WM 1978)<\/code><code>Peter Harbrecht (WM 1978)<\/code><\/p>\n<p><img loading=\"lazy\" decoding=\"async\" title=\"16.jpg\" src=\"http:\/\/www.budo-do-tameshi.de\/cms\/wp-content\/uploads\/2007\/08\/16.jpg\" alt=\"16.jpg\" width=\"270\" height=\"296\" \/> <img loading=\"lazy\" decoding=\"async\" title=\"17.jpg\" src=\"http:\/\/www.budo-do-tameshi.de\/cms\/wp-content\/uploads\/2007\/08\/17.jpg\" alt=\"17.jpg\" width=\"270\" height=\"296\" \/><code>Jimmy (Sieg HM 1985)<\/code><code>Oliver (Sieg HM 1984)<\/code><\/p>\n","protected":false},"excerpt":{"rendered":"<p>Die BDT M\u00e4nner der ersten Stunde Jimmy (Sieg HM 1974)Jimmy (Sieg Deutscher L\u00e4nderpokal 1976) BDT Team Deutsche Mannschaftsmeisterschaft (1976) BDT Team Erste K\u00e4mpfe mit Schutzausr\u00fcstung (1976) Albert Mampel 1976 (rechts)Gerhard Dastis 1976 (rechts) Wolfgang Theiss 1976 (links)Jimmy 1976 (rechts) Hakim (Bruchtest 1976)Hakim (Bruchtest 1976) Peter Harbrecht (WM 1978)Peter Harbrecht (WM 1978) Peter Harbrecht (WM 1978)Peter [&hellip;]<\/p>\n","protected":false},"author":2,"featured_media":0,"parent":94,"menu_order":0,"comment_status":"open","ping_status":"open","template":"","meta":{"footnotes":""},"class_list":["post-266","page","type-page","status-publish","hentry"],"_links":{"self":[{"href":"http:\/\/www.budo-do-tameshi.de\/cms\/wp-json\/wp\/v2\/pages\/266","targetHints":{"allow":["GET"]}}],"collection":[{"href":"http:\/\/www.budo-do-tameshi.de\/cms\/wp-json\/wp\/v2\/pages"}],"about":[{"href":"http:\/\/www.budo-do-tameshi.de\/cms\/wp-json\/wp\/v2\/types\/page"}],"author":[{"embeddable":true,"href":"http:\/\/www.budo-do-tameshi.de\/cms\/wp-json\/wp\/v2\/users\/2"}],"replies":[{"embeddable":true,"href":"http:\/\/www.budo-do-tameshi.de\/cms\/wp-json\/wp\/v2\/comments?post=266"}],"version-history":[{"count":1,"href":"http:\/\/www.budo-do-tameshi.de\/cms\/wp-json\/wp\/v2\/pages\/266\/revisions"}],"predecessor-version":[{"id":8038,"href":"http:\/\/www.budo-do-tameshi.de\/cms\/wp-json\/wp\/v2\/pages\/266\/revisions\/8038"}],"up":[{"embeddable":true,"href":"http:\/\/www.budo-do-tameshi.de\/cms\/wp-json\/wp\/v2\/pages\/94"}],"wp:attachment":[{"href":"http:\/\/www.budo-do-tameshi.de\/cms\/wp-json\/wp\/v2\/media?parent=266"}],"curies":[{"name":"wp","href":"https:\/\/api.w.org\/{rel}","templated":true}]}}